{"id":2031,"date":"2022-07-07T10:10:24","date_gmt":"2022-07-07T14:10:24","guid":{"rendered":"http:\/\/172.16.0.115\/?page_id=2031"},"modified":"2022-08-18T18:18:06","modified_gmt":"2022-08-18T22:18:06","slug":"direccion-general-de-diagnostico-y-vigilancia-epidemiologica-dgdve","status":"publish","type":"page","link":"https:\/\/inhrr.gob.ve\/?page_id=2031","title":{"rendered":"Direcci\u00f3n General de Diagn\u00f3stico y Vigilancia Epidemiol\u00f3gica (DGDVE)"},"content":{"rendered":"\t\t<div data-elementor-type=\"wp-page\" data-elementor-id=\"2031\" class=\"elementor elementor-2031\" data-elementor-post-type=\"page\">\n\t\t\t\t\t\t<section class=\"elementor-section elementor-top-section elementor-element elementor-element-77d94b8 elementor-section-boxed elementor-section-height-default elementor-section-height-default\" data-id=\"77d94b8\" data-element_type=\"section\">\n\t\t\t\t\t\t<div class=\"elementor-container elementor-column-gap-default\">\n\t\t\t\t\t<div class=\"elementor-column elementor-col-100 elementor-top-column elementor-element elementor-element-5b5ac5c\" data-id=\"5b5ac5c\" data-element_type=\"column\">\n\t\t\t<div class=\"elementor-widget-wrap elementor-element-populated\">\n\t\t\t\t\t\t<div class=\"elementor-element elementor-element-b3cea4a elementor-widget elementor-widget-heading\" data-id=\"b3cea4a\" data-element_type=\"widget\" data-widget_type=\"heading.default\">\n\t\t\t\t<div class=\"elementor-widget-container\">\n\t\t\t\t\t<h2 class=\"elementor-heading-title elementor-size-default\">Direcci\u00f3n General de Diagn\u00f3stico\n<\/h2>\t\t\t\t<\/div>\n\t\t\t\t<\/div>\n\t\t\t\t<div class=\"elementor-element elementor-element-af5a1dd elementor-tabs-view-horizontal elementor-widget elementor-widget-tabs\" data-id=\"af5a1dd\" data-element_type=\"widget\" data-widget_type=\"tabs.default\">\n\t\t\t\t<div class=\"elementor-widget-container\">\n\t\t\t\t\t\t\t<div class=\"elementor-tabs\">\n\t\t\t<div class=\"elementor-tabs-wrapper\" role=\"tablist\" >\n\t\t\t\t\t\t\t\t\t<div id=\"elementor-tab-title-1831\" class=\"elementor-tab-title elementor-tab-desktop-title\" aria-selected=\"true\" data-tab=\"1\" role=\"tab\" tabindex=\"0\" aria-controls=\"elementor-tab-content-1831\" aria-expanded=\"false\">QUIENES SOMOS<\/div>\n\t\t\t\t\t\t\t\t\t<div id=\"elementor-tab-title-1832\" class=\"elementor-tab-title elementor-tab-desktop-title\" aria-selected=\"false\" data-tab=\"2\" role=\"tab\" tabindex=\"-1\" aria-controls=\"elementor-tab-content-1832\" aria-expanded=\"false\">Servicios y Productos <\/div>\n\t\t\t\t\t\t\t<\/div>\n\t\t\t<div class=\"elementor-tabs-content-wrapper\" role=\"tablist\" aria-orientation=\"vertical\">\n\t\t\t\t\t\t\t\t\t<div class=\"elementor-tab-title elementor-tab-mobile-title\" aria-selected=\"true\" data-tab=\"1\" role=\"tab\" tabindex=\"0\" aria-controls=\"elementor-tab-content-1831\" aria-expanded=\"false\">QUIENES SOMOS<\/div>\n\t\t\t\t\t<div id=\"elementor-tab-content-1831\" class=\"elementor-tab-content elementor-clearfix\" data-tab=\"1\" role=\"tabpanel\" aria-labelledby=\"elementor-tab-title-1831\" tabindex=\"0\" hidden=\"false\"><p>Somos el Centro Nacional de Diagn\u00f3stico y Referencia para enfermedades transmisibles causadas por agentes pat\u00f3genos emergentes o reemergentes de impacto en la salud p\u00fablica nacional e internacional (RSI 2005), en apoyo al Programa de Vigilancia Epidemiol\u00f3gica y a las pol\u00edticas del Ministerio del Poder Popular para la Salud (MPPS), en las \u00e1reas de: Bacteriolog\u00eda, Micolog\u00eda y Virolog\u00eda. Realizando investigaci\u00f3n aplicada al desarrollo de nuevas tecnolog\u00edas y formaci\u00f3n de recursos humanos en estas \u00e1reas de la salud p\u00fablica, utilizando tecnolog\u00eda de avanzada y personal altamente calificado, garantizando as\u00ed la calidad del servicio; adem\u00e1s de coordinar, evaluar y supervisar la Red de Laboratorios de Salud P\u00fablica.<\/p><\/div>\n\t\t\t\t\t\t\t\t\t<div class=\"elementor-tab-title elementor-tab-mobile-title\" aria-selected=\"false\" data-tab=\"2\" role=\"tab\" tabindex=\"-1\" aria-controls=\"elementor-tab-content-1832\" aria-expanded=\"false\">Servicios y Productos <\/div>\n\t\t\t\t\t<div id=\"elementor-tab-content-1832\" class=\"elementor-tab-content elementor-clearfix\" data-tab=\"2\" role=\"tabpanel\" aria-labelledby=\"elementor-tab-title-1832\" tabindex=\"0\" hidden=\"hidden\"><ul><li><strong>Realizaci\u00f3n de ex\u00e1menes de laboratorio de virolog\u00eda, bacteriolog\u00eda, micolog\u00eda<\/strong><\/li><li><strong>Como laboratorio de referencia presta asesor\u00eda, asistencia t\u00e9cnica y verificaci\u00f3n de la funci\u00f3n laboratorial a nivel interinstitucional e intergubernamental seg\u00fan requerimientos.<\/strong><\/li><li><strong>Paneles para evaluaci\u00f3n del desempe\u00f1o<\/strong><\/li><\/ul><\/div>\n\t\t\t\t\t\t\t<\/div>\n\t\t<\/div>\n\t\t\t\t\t\t<\/div>\n\t\t\t\t<\/div>\n\t\t\t\t\t<\/div>\n\t\t<\/div>\n\t\t\t\t\t<\/div>\n\t\t<\/section>\n\t\t\t\t<\/div>\n\t\t","protected":false},"excerpt":{"rendered":"<p>Direcci\u00f3n General de Diagn\u00f3stico QUIENES SOMOS Servicios y Productos QUIENES SOMOS Somos el Centro Nacional de Diagn\u00f3stico y Referencia para enfermedades transmisibles causadas por agentes pat\u00f3genos emergentes o reemergentes de impacto en la salud p\u00fablica nacional e internacional (RSI 2005), en apoyo al Programa de Vigilancia Epidemiol\u00f3gica y a las pol\u00edticas del Ministerio del Poder &#8230; <a title=\"Direcci\u00f3n General de Diagn\u00f3stico y Vigilancia Epidemiol\u00f3gica (DGDVE)\" class=\"read-more\" href=\"https:\/\/inhrr.gob.ve\/?page_id=2031\" aria-label=\"Leer m\u00e1s sobre Direcci\u00f3n General de Diagn\u00f3stico y Vigilancia Epidemiol\u00f3gica (DGDVE)\">Leer m\u00e1s<\/a><\/p>\n","protected":false},"author":1,"featured_media":0,"parent":0,"menu_order":0,"comment_status":"closed","ping_status":"closed","template":"","meta":{"footnotes":""},"class_list":["post-2031","page","type-page","status-publish"],"_links":{"self":[{"href":"https:\/\/inhrr.gob.ve\/index.php?rest_route=\/wp\/v2\/pages\/2031","targetHints":{"allow":["GET"]}}],"collection":[{"href":"https:\/\/inhrr.gob.ve\/index.php?rest_route=\/wp\/v2\/pages"}],"about":[{"href":"https:\/\/inhrr.gob.ve\/index.php?rest_route=\/wp\/v2\/types\/page"}],"author":[{"embeddable":true,"href":"https:\/\/inhrr.gob.ve\/index.php?rest_route=\/wp\/v2\/users\/1"}],"replies":[{"embeddable":true,"href":"https:\/\/inhrr.gob.ve\/index.php?rest_route=%2Fwp%2Fv2%2Fcomments&post=2031"}],"version-history":[{"count":34,"href":"https:\/\/inhrr.gob.ve\/index.php?rest_route=\/wp\/v2\/pages\/2031\/revisions"}],"predecessor-version":[{"id":4334,"href":"https:\/\/inhrr.gob.ve\/index.php?rest_route=\/wp\/v2\/pages\/2031\/revisions\/4334"}],"wp:attachment":[{"href":"https:\/\/inhrr.gob.ve\/index.php?rest_route=%2Fwp%2Fv2%2Fmedia&parent=2031"}],"curies":[{"name":"wp","href":"https:\/\/api.w.org\/{rel}","templated":true}]}}