{"id":2111,"date":"2022-07-11T12:09:18","date_gmt":"2022-07-11T16:09:18","guid":{"rendered":"http:\/\/172.16.0.115\/?page_id=2111"},"modified":"2022-11-16T11:00:00","modified_gmt":"2022-11-16T15:00:00","slug":"normas","status":"publish","type":"page","link":"https:\/\/inhrr.gob.ve\/?page_id=2111","title":{"rendered":"&#8211;Normas"},"content":{"rendered":"\t\t<div data-elementor-type=\"wp-page\" data-elementor-id=\"2111\" class=\"elementor elementor-2111\" data-elementor-post-type=\"page\">\n\t\t\t\t\t\t<section class=\"elementor-section elementor-top-section elementor-element elementor-element-1ad1e3d elementor-section-boxed elementor-section-height-default elementor-section-height-default\" data-id=\"1ad1e3d\" data-element_type=\"section\">\n\t\t\t\t\t\t<div class=\"elementor-container elementor-column-gap-default\">\n\t\t\t\t\t<div class=\"elementor-column elementor-col-33 elementor-top-column elementor-element elementor-element-72a5bf2\" data-id=\"72a5bf2\" data-element_type=\"column\">\n\t\t\t<div class=\"elementor-widget-wrap elementor-element-populated\">\n\t\t\t\t\t\t<div class=\"elementor-element elementor-element-b9ff773 elementor-widget elementor-widget-shortcode\" data-id=\"b9ff773\" data-element_type=\"widget\" data-widget_type=\"shortcode.default\">\n\t\t\t\t<div class=\"elementor-widget-container\">\n\t\t\t\t\t\t\t<div class=\"elementor-shortcode\">\t\t<div data-elementor-type=\"section\" data-elementor-id=\"2102\" class=\"elementor elementor-2102\" data-elementor-post-type=\"elementor_library\">\n\t\t\t\t\t<section class=\"elementor-section elementor-top-section elementor-element elementor-element-25b03723 elementor-section-boxed elementor-section-height-default elementor-section-height-default\" data-id=\"25b03723\" data-element_type=\"section\">\n\t\t\t\t\t\t<div class=\"elementor-container elementor-column-gap-default\">\n\t\t\t\t\t<div class=\"elementor-column elementor-col-100 elementor-top-column elementor-element elementor-element-5d91a394\" data-id=\"5d91a394\" data-element_type=\"column\">\n\t\t\t<div class=\"elementor-widget-wrap elementor-element-populated\">\n\t\t\t\t\t\t<div class=\"elementor-element elementor-element-eebf813 elementor-nav-menu__align-start elementor-nav-menu--dropdown-tablet elementor-nav-menu__text-align-aside elementor-nav-menu--toggle elementor-nav-menu--burger elementor-widget elementor-widget-nav-menu\" data-id=\"eebf813\" data-element_type=\"widget\" data-settings=\"{&quot;layout&quot;:&quot;vertical&quot;,&quot;submenu_icon&quot;:{&quot;value&quot;:&quot;&lt;i class=\\&quot;fas fa-caret-down\\&quot;&gt;&lt;\\\/i&gt;&quot;,&quot;library&quot;:&quot;fa-solid&quot;},&quot;toggle&quot;:&quot;burger&quot;}\" data-widget_type=\"nav-menu.default\">\n\t\t\t\t<div class=\"elementor-widget-container\">\n\t\t\t\t\t\t\t\t<nav aria-label=\"Menu\" class=\"elementor-nav-menu--main elementor-nav-menu__container elementor-nav-menu--layout-vertical e--pointer-underline e--animation-fade\">\n\t\t\t\t<ul id=\"menu-1-eebf813\" class=\"elementor-nav-menu sm-vertical\"><li class=\"menu-item menu-item-type-post_type menu-item-object-page menu-item-2103\"><a href=\"https:\/\/inhrr.gob.ve\/?page_id=2096\" class=\"elementor-item\">Junta Revisora<\/a><\/li>\n<li class=\"menu-item menu-item-type-post_type menu-item-object-page menu-item-2127\"><a href=\"https:\/\/inhrr.gob.ve\/?page_id=2106\" class=\"elementor-item\">Marco Legal<\/a><\/li>\n<li class=\"menu-item menu-item-type-post_type menu-item-object-page menu-item-2126\"><a href=\"https:\/\/inhrr.gob.ve\/?page_id=2109\" class=\"elementor-item\">Reglamento<\/a><\/li>\n<li class=\"menu-item menu-item-type-post_type menu-item-object-page menu-item-2125\"><a href=\"https:\/\/inhrr.gob.ve\/?page_id=2111\" class=\"elementor-item\">Normas<\/a><\/li>\n<li class=\"menu-item menu-item-type-post_type menu-item-object-page menu-item-2124\"><a href=\"https:\/\/inhrr.gob.ve\/?page_id=2113\" class=\"elementor-item\">Boletines<\/a><\/li>\n<li class=\"menu-item menu-item-type-post_type menu-item-object-page menu-item-2123\"><a href=\"https:\/\/inhrr.gob.ve\/?page_id=2115\" class=\"elementor-item\">Circulares<\/a><\/li>\n<li class=\"menu-item menu-item-type-post_type menu-item-object-page menu-item-2122\"><a href=\"https:\/\/inhrr.gob.ve\/?page_id=2117\" class=\"elementor-item\">Estad\u00edstica<\/a><\/li>\n<li class=\"menu-item menu-item-type-post_type menu-item-object-page menu-item-10084\"><a href=\"https:\/\/inhrr.gob.ve\/?page_id=10080\" class=\"elementor-item\">Lista de medicamentos sin prescripcion<\/a><\/li>\n<\/ul>\t\t\t<\/nav>\n\t\t\t\t\t<div class=\"elementor-menu-toggle\" role=\"button\" tabindex=\"0\" aria-label=\"Menu Toggle\" aria-expanded=\"false\">\n\t\t\t<i aria-hidden=\"true\" role=\"presentation\" class=\"elementor-menu-toggle__icon--open eicon-menu-bar\"><\/i><i aria-hidden=\"true\" role=\"presentation\" class=\"elementor-menu-toggle__icon--close eicon-close\"><\/i>\t\t<\/div>\n\t\t\t\t\t<nav class=\"elementor-nav-menu--dropdown elementor-nav-menu__container\" aria-hidden=\"true\">\n\t\t\t\t<ul id=\"menu-2-eebf813\" class=\"elementor-nav-menu sm-vertical\"><li class=\"menu-item menu-item-type-post_type menu-item-object-page menu-item-2103\"><a href=\"https:\/\/inhrr.gob.ve\/?page_id=2096\" class=\"elementor-item\" tabindex=\"-1\">Junta Revisora<\/a><\/li>\n<li class=\"menu-item menu-item-type-post_type menu-item-object-page menu-item-2127\"><a href=\"https:\/\/inhrr.gob.ve\/?page_id=2106\" class=\"elementor-item\" tabindex=\"-1\">Marco Legal<\/a><\/li>\n<li class=\"menu-item menu-item-type-post_type menu-item-object-page menu-item-2126\"><a href=\"https:\/\/inhrr.gob.ve\/?page_id=2109\" class=\"elementor-item\" tabindex=\"-1\">Reglamento<\/a><\/li>\n<li class=\"menu-item menu-item-type-post_type menu-item-object-page menu-item-2125\"><a href=\"https:\/\/inhrr.gob.ve\/?page_id=2111\" class=\"elementor-item\" tabindex=\"-1\">Normas<\/a><\/li>\n<li class=\"menu-item menu-item-type-post_type menu-item-object-page menu-item-2124\"><a href=\"https:\/\/inhrr.gob.ve\/?page_id=2113\" class=\"elementor-item\" tabindex=\"-1\">Boletines<\/a><\/li>\n<li class=\"menu-item menu-item-type-post_type menu-item-object-page menu-item-2123\"><a href=\"https:\/\/inhrr.gob.ve\/?page_id=2115\" class=\"elementor-item\" tabindex=\"-1\">Circulares<\/a><\/li>\n<li class=\"menu-item menu-item-type-post_type menu-item-object-page menu-item-2122\"><a href=\"https:\/\/inhrr.gob.ve\/?page_id=2117\" class=\"elementor-item\" tabindex=\"-1\">Estad\u00edstica<\/a><\/li>\n<li class=\"menu-item menu-item-type-post_type menu-item-object-page menu-item-10084\"><a href=\"https:\/\/inhrr.gob.ve\/?page_id=10080\" class=\"elementor-item\" tabindex=\"-1\">Lista de medicamentos sin prescripcion<\/a><\/li>\n<\/ul>\t\t\t<\/nav>\n\t\t\t\t\t\t<\/div>\n\t\t\t\t<\/div>\n\t\t\t\t\t<\/div>\n\t\t<\/div>\n\t\t\t\t\t<\/div>\n\t\t<\/section>\n\t\t\t\t<\/div>\n\t\t<\/div>\n\t\t\t\t\t\t<\/div>\n\t\t\t\t<\/div>\n\t\t\t\t\t<\/div>\n\t\t<\/div>\n\t\t\t\t<div class=\"elementor-column elementor-col-66 elementor-top-column elementor-element elementor-element-cfaa3b8\" data-id=\"cfaa3b8\" data-element_type=\"column\">\n\t\t\t<div class=\"elementor-widget-wrap elementor-element-populated\">\n\t\t\t\t\t\t<div class=\"elementor-element elementor-element-3d8faf8 elementor-widget elementor-widget-heading\" data-id=\"3d8faf8\" data-element_type=\"widget\" data-widget_type=\"heading.default\">\n\t\t\t\t<div class=\"elementor-widget-container\">\n\t\t\t\t\t<h2 class=\"elementor-heading-title elementor-size-default\">Normas<\/h2>\t\t\t\t<\/div>\n\t\t\t\t<\/div>\n\t\t\t\t<div class=\"elementor-element elementor-element-1ca02df elementor-widget elementor-widget-text-editor\" data-id=\"1ca02df\" data-element_type=\"widget\" data-widget_type=\"text-editor.default\">\n\t\t\t\t<div class=\"elementor-widget-container\">\n\t\t\t\t\t\t\t\t\t<div class=\"contenedor_0\"><div class=\"seccion_4\"><div id=\"page-wrap\"><div id=\"example-one\"><div class=\"list-wrap\"><ul id=\"tres\" class=\"hide\"><\/ul><p class=\"contenedor_1\">Comun\u00edquese con Nosotros a trav\u00e9s del correo electr\u00f3nico: <strong>juntarevisora@inhrr.gob.ve.<\/strong><\/p><\/div><\/div><\/div><\/div><\/div>\t\t\t\t\t\t\t\t<\/div>\n\t\t\t\t<\/div>\n\t\t\t\t<div class=\"elementor-element elementor-element-15f1bc7 elementor-widget elementor-widget-shortcode\" data-id=\"15f1bc7\" data-element_type=\"widget\" data-widget_type=\"shortcode.default\">\n\t\t\t\t<div class=\"elementor-widget-container\">\n\t\t\t\t\t\t\t<div class=\"elementor-shortcode\">\n<table id=\"tablepress-3\" class=\"tablepress tablepress-id-3 tablita\">\n<thead>\n<tr class=\"row-1\">\n\t<th class=\"column-1\">NORMA<\/th><th class=\"column-2\">Fecha de Publicaci\u00f3n<\/th><th class=\"column-3\">N\u00ba de Gaceta<\/th><th class=\"column-4\">Archivo<\/th>\n<\/tr>\n<\/thead>\n<tbody class=\"row-striping row-hover\">\n<tr class=\"row-2\">\n\t<td class=\"column-1\">REFORMA PARCIAL DE LA NORMA DE MEDICAMENTOS DE SERVICIO<\/td><td class=\"column-2\">15\/01\/2026<\/td><td class=\"column-3\">S\/N<\/td><td class=\"column-4\"><a href=\"https:\/\/inhrr.gob.ve\/wp-content\/uploads\/2026\/03\/REFORMA%20PARCIAL%20NORMA.pdf\" rel=\"noopener\" target=\"_blank\"><img decoding=\"async\" src=\"http:\/\/inhrr.gob.ve\/wp-content\/uploads\/2022\/07\/cloud-down-svgrepo-com.svg\" alt=\"\" width=\"24\" height=\"24\" class=\"alignnone size-full wp-image-3192\" \/><\/a><\/td>\n<\/tr>\n<tr class=\"row-3\">\n\t<td class=\"column-1\">Norma de Nombres de Productos Farmac\u00e9uticos<\/td><td class=\"column-2\">11\/01\/2024<\/td><td class=\"column-3\">N\u00b0 9065<\/td><td class=\"column-4\"><a href=\"http:\/\/inhrr.gob.ve\/wp-content\/uploads\/2024\/01\/Norma_de_Nombres_de_PF_R0-Enero-2024.pdf\" rel=\"noopener\" target=\"_blank\"><img decoding=\"async\" src=\"http:\/\/inhrr.gob.ve\/wp-content\/uploads\/2022\/07\/cloud-down-svgrepo-com.svg\" alt=\"\" width=\"24\" height=\"24\" class=\"alignnone size-full wp-image-3192\" \/><\/a><\/td>\n<\/tr>\n<tr class=\"row-4\">\n\t<td class=\"column-1\">Normas para la Autorizaci\u00f3n de Comercializaci\u00f3n de Especialidades Farmac\u00e9uticas Cuyo Equivalente Farmac\u00e9utico de Referencia no se Encuentre en la Republica Bolivariana de Venezuela<\/td><td class=\"column-2\">11\/01\/2024<\/td><td class=\"column-3\">N\u00b0 9065 <\/td><td class=\"column-4\"><a href=\"http:\/\/inhrr.gob.ve\/wp-content\/uploads\/2024\/01\/NORMA-PARA-LA-AUTORIZACION-DE-MEDICAMENTOS-CUYO-EFR-NO-SE-ENCUENTRE-REGISTRADO-EN-EL-PAIS-R0-Enero-2024.pdf\" rel=\"noopener\" target=\"_blank\"><img decoding=\"async\" src=\"http:\/\/inhrr.gob.ve\/wp-content\/uploads\/2022\/07\/cloud-down-svgrepo-com.svg\" alt=\"\" width=\"24\" height=\"24\" class=\"alignnone size-full wp-image-3192\" \/><\/a><\/td>\n<\/tr>\n<tr class=\"row-5\">\n\t<td class=\"column-1\">Normas de la Junta Revisora de Productos Farmac\u00e9uticos versi\u00f3n 1998.<\/td><td class=\"column-2\">08\/08\/2023<\/td><td class=\"column-3\">S\/N<\/td><td class=\"column-4\"><a href=\"https:\/\/inhrr.gob.ve\/wp-content\/uploads\/2024\/08\/NormasJuntaRevisoraproductosFarmaceuticos1998.pdf\" rel=\"noopener\" target=\"_blank\"><img decoding=\"async\" src=\"http:\/\/inhrr.gob.ve\/wp-content\/uploads\/2022\/07\/cloud-down-svgrepo-com.svg\" alt=\"\" width=\"24\" height=\"24\" class=\"alignnone size-full wp-image-3192\" \/><\/a><\/td>\n<\/tr>\n<tr class=\"row-6\">\n\t<td class=\"column-1\">Normas de Promoci\u00f3n y Publicidad de Medicamentos y Actividades Conexas<\/td><td class=\"column-2\">2020-03-03<\/td><td class=\"column-3\">S\/N<\/td><td class=\"column-4\"><a href=\"http:\/\/inhrr.gob.ve\/portal_2020\/doc\/normas_de _promocion_publicidad_de_medicamentos_y_actividades_conexas.pdf\" rel=\"noopener\" target=\"_blank\"><img decoding=\"async\" src=\"http:\/\/inhrr.gob.ve\/wp-content\/uploads\/2022\/07\/cloud-down-svgrepo-com.svg\" alt=\"\" width=\"24\" height=\"24\" class=\"alignnone size-full wp-image-3192\" \/><\/a><\/td>\n<\/tr>\n<tr class=\"row-7\">\n\t<td class=\"column-1\">Gaceta Oficial donde se deroga las Normas de Promoci\u00f3n y Publicidad de Medicamentos publicadas, seg\u00fan la G.O. N\u00ba 37.966 de fecha 16-04-2004<\/td><td class=\"column-2\">2020-04-14<\/td><td class=\"column-3\">N\u00ba 41.858<\/td><td class=\"column-4\"><a href=\"http:\/\/inhrr.gob.ve\/portal_2020\/doc\/2020_go-41858.pdf\" rel=\"noopener\" target=\"_blank\"><img decoding=\"async\" src=\"http:\/\/inhrr.gob.ve\/wp-content\/uploads\/2022\/07\/cloud-down-svgrepo-com.svg\" alt=\"\" width=\"24\" height=\"24\" class=\"alignnone size-full wp-image-3192\" \/><\/a><\/td>\n<\/tr>\n<tr class=\"row-8\">\n\t<td class=\"column-1\">NORMAS VENEZOLANAS DE BIODISPONIBILIDAD Y BIOEQUIVALENCIA DE PRODUCTOS FARMAC\u00c9UTICOS<\/td><td class=\"column-2\">2006-08-14<\/td><td class=\"column-3\">N\u00ba 38.499<\/td><td class=\"column-4\"><a href=\"http:\/\/inhrr.gob.ve\/pdf\/pdf_jr\/norma_venezolana_de_biodisponibilidad_y_bioequivalencia_de_productos_farmaceuticos.pdf\" rel=\"noopener\" target=\"_blank\"><img decoding=\"async\" src=\"http:\/\/inhrr.gob.ve\/wp-content\/uploads\/2022\/07\/cloud-down-svgrepo-com.svg\" alt=\"\" width=\"24\" height=\"24\" class=\"alignnone size-full wp-image-3192\" \/><\/a><\/td>\n<\/tr>\n<tr class=\"row-9\">\n\t<td class=\"column-1\">NORMA DE PUBLICIDAD<\/td><td class=\"column-2\">2004-06-23<\/td><td class=\"column-3\">N\u00ba 37.966<\/td><td class=\"column-4\"><a href=\"http:\/\/inhrr.gob.ve\/pdf\/pdf_jr\/gaceta_37966_norma_de_publicidad.pdf\" rel=\"noopener\" target=\"_blank\"><img decoding=\"async\" src=\"http:\/\/inhrr.gob.ve\/wp-content\/uploads\/2022\/07\/cloud-down-svgrepo-com.svg\" alt=\"\" width=\"24\" height=\"24\" class=\"alignnone size-full wp-image-3192\" \/><\/a><\/td>\n<\/tr>\n<tr class=\"row-10\">\n\t<td class=\"column-1\">LEY DE MEDICAMENTOS<\/td><td class=\"column-2\">2000-08-03<\/td><td class=\"column-3\">S\/N<\/td><td class=\"column-4\"><a href=\"http:\/\/inhrr.gob.ve\/pdf\/pdf_jr\/ley_de_medicamentos.pdf\" rel=\"noopener\" target=\"_blank\"><img decoding=\"async\" src=\"http:\/\/inhrr.gob.ve\/wp-content\/uploads\/2022\/07\/cloud-down-svgrepo-com.svg\" alt=\"\" width=\"24\" height=\"24\" class=\"alignnone size-full wp-image-3192\" \/><\/a><\/td>\n<\/tr>\n<tr class=\"row-11\">\n\t<td class=\"column-1\">LEY SOBRE TRANSPLANTE DE \u00d3RGANOS Y MATERIALES ANAT\u00d3MICOS EN SERES HUMANOS<\/td><td class=\"column-2\">1999-12-03<\/td><td class=\"column-3\">N\u00ba 4.497<\/td><td class=\"column-4\"><a href=\"http:\/\/inhrr.gob.ve\/pdf\/pdf_jr\/ley-sobre-transplante-de-organos-y-materiales-anatomicos-en-seres-humanos.pdf\" rel=\"noopener\" target=\"_blank\"><img decoding=\"async\" src=\"http:\/\/inhrr.gob.ve\/wp-content\/uploads\/2022\/07\/cloud-down-svgrepo-com.svg\" alt=\"\" width=\"24\" height=\"24\" class=\"alignnone size-full wp-image-3192\" \/><\/a><\/td>\n<\/tr>\n<tr class=\"row-12\">\n\t<td class=\"column-1\">NORMA PARA EL REGISTRO SANITARIO DE COMBINACIONES DE PRODUCTOS FARMAC\u00c9UTICOS<\/td><td class=\"column-2\">Sin Fecha<\/td><td class=\"column-3\">S\/N<\/td><td class=\"column-4\"><a href=\"http:\/\/inhrr.gob.ve\/pdf\/pdf_jr\/norma_para_el_registro_sanitario_de_combinaciones_de_productos_farmaceuticos.pdf\" rel=\"noopener\" target=\"_blank\"><img decoding=\"async\" src=\"http:\/\/inhrr.gob.ve\/wp-content\/uploads\/2022\/07\/cloud-down-svgrepo-com.svg\" alt=\"\" width=\"24\" height=\"24\" class=\"alignnone size-full wp-image-3192\" \/><\/a><\/td>\n<\/tr>\n<tr class=\"row-13\">\n\t<td class=\"column-1\">NORMAS DE BUENAS PR\u00c1CTICAS DE DISTRIBUCI\u00d3N<\/td><td class=\"column-2\">Sin Fecha<\/td><td class=\"column-3\">N\u00ba 37966-23.0<\/td><td class=\"column-4\"><a href=\"http:\/\/inhrr.gob.ve\/pdf\/pdf_jr\/normas_de_buenas_practicas_de_distribucion.pdf\" rel=\"noopener\" target=\"_blank\"><img decoding=\"async\" src=\"http:\/\/inhrr.gob.ve\/wp-content\/uploads\/2022\/07\/cloud-down-svgrepo-com.svg\" alt=\"\" width=\"24\" height=\"24\" class=\"alignnone size-full wp-image-3192\" \/><\/a><\/td>\n<\/tr>\n<\/tbody>\n<\/table>\n<!-- #tablepress-3 from cache --><\/div>\n\t\t\t\t\t\t<\/div>\n\t\t\t\t<\/div>\n\t\t\t\t\t<\/div>\n\t\t<\/div>\n\t\t\t\t\t<\/div>\n\t\t<\/section>\n\t\t\t\t<\/div>\n\t\t","protected":false},"excerpt":{"rendered":"<p>Normas Comun\u00edquese con Nosotros a trav\u00e9s del correo electr\u00f3nico: juntarevisora@http:\/\/http:\/\/http:\/\/inhrr.gob.ve.<\/p>\n","protected":false},"author":1,"featured_media":0,"parent":0,"menu_order":0,"comment_status":"closed","ping_status":"closed","template":"","meta":{"footnotes":""},"class_list":["post-2111","page","type-page","status-publish"],"_links":{"self":[{"href":"https:\/\/inhrr.gob.ve\/index.php?rest_route=\/wp\/v2\/pages\/2111","targetHints":{"allow":["GET"]}}],"collection":[{"href":"https:\/\/inhrr.gob.ve\/index.php?rest_route=\/wp\/v2\/pages"}],"about":[{"href":"https:\/\/inhrr.gob.ve\/index.php?rest_route=\/wp\/v2\/types\/page"}],"author":[{"embeddable":true,"href":"https:\/\/inhrr.gob.ve\/index.php?rest_route=\/wp\/v2\/users\/1"}],"replies":[{"embeddable":true,"href":"https:\/\/inhrr.gob.ve\/index.php?rest_route=%2Fwp%2Fv2%2Fcomments&post=2111"}],"version-history":[{"count":28,"href":"https:\/\/inhrr.gob.ve\/index.php?rest_route=\/wp\/v2\/pages\/2111\/revisions"}],"predecessor-version":[{"id":7282,"href":"https:\/\/inhrr.gob.ve\/index.php?rest_route=\/wp\/v2\/pages\/2111\/revisions\/7282"}],"wp:attachment":[{"href":"https:\/\/inhrr.gob.ve\/index.php?rest_route=%2Fwp%2Fv2%2Fmedia&parent=2111"}],"curies":[{"name":"wp","href":"https:\/\/api.w.org\/{rel}","templated":true}]}}