{"id":3953,"date":"2022-08-15T10:13:16","date_gmt":"2022-08-15T14:13:16","guid":{"rendered":"http:\/\/172.16.0.115\/?page_id=3953"},"modified":"2024-07-10T22:29:15","modified_gmt":"2024-07-11T02:29:15","slug":"bioequivalencias","status":"publish","type":"page","link":"https:\/\/inhrr.gob.ve\/?page_id=3953","title":{"rendered":"BIOEQUIVALENCIAS"},"content":{"rendered":"\t\t<div data-elementor-type=\"wp-page\" data-elementor-id=\"3953\" class=\"elementor elementor-3953\" data-elementor-post-type=\"page\">\n\t\t\t\t\t\t<section class=\"elementor-section elementor-top-section elementor-element elementor-element-73e3fd0 elementor-section-boxed elementor-section-height-default elementor-section-height-default\" data-id=\"73e3fd0\" data-element_type=\"section\">\n\t\t\t\t\t\t<div class=\"elementor-container elementor-column-gap-default\">\n\t\t\t\t\t<div class=\"elementor-column elementor-col-100 elementor-top-column elementor-element elementor-element-32dd758\" data-id=\"32dd758\" data-element_type=\"column\">\n\t\t\t<div class=\"elementor-widget-wrap elementor-element-populated\">\n\t\t\t\t\t\t<div class=\"elementor-element elementor-element-b6f6fda elementor-widget elementor-widget-heading\" data-id=\"b6f6fda\" data-element_type=\"widget\" data-widget_type=\"heading.default\">\n\t\t\t\t<div class=\"elementor-widget-container\">\n\t\t\t\t\t<h2 class=\"elementor-heading-title elementor-size-default\">BIOEQUIVALENCIA<\/h2>\t\t\t\t<\/div>\n\t\t\t\t<\/div>\n\t\t\t\t<div class=\"elementor-element elementor-element-2454a22 elementor-tabs-view-horizontal elementor-widget elementor-widget-tabs\" data-id=\"2454a22\" data-element_type=\"widget\" data-widget_type=\"tabs.default\">\n\t\t\t\t<div class=\"elementor-widget-container\">\n\t\t\t\t\t\t\t<div class=\"elementor-tabs\">\n\t\t\t<div class=\"elementor-tabs-wrapper\" role=\"tablist\" >\n\t\t\t\t\t\t\t\t\t<div id=\"elementor-tab-title-3801\" class=\"elementor-tab-title elementor-tab-desktop-title\" aria-selected=\"true\" data-tab=\"1\" role=\"tab\" tabindex=\"0\" aria-controls=\"elementor-tab-content-3801\" aria-expanded=\"false\">INFORMACION GENERAL<\/div>\n\t\t\t\t\t\t\t\t\t<div id=\"elementor-tab-title-3802\" class=\"elementor-tab-title elementor-tab-desktop-title\" aria-selected=\"false\" data-tab=\"2\" role=\"tab\" tabindex=\"-1\" aria-controls=\"elementor-tab-content-3802\" aria-expanded=\"false\">MEDICAMENTOS QUE DEBEN PRESENTAR  ESTUDIOS DE BIOEQUIVALENCIA<\/div>\n\t\t\t\t\t\t\t\t\t<div id=\"elementor-tab-title-3803\" class=\"elementor-tab-title elementor-tab-desktop-title\" aria-selected=\"false\" data-tab=\"3\" role=\"tab\" tabindex=\"-1\" aria-controls=\"elementor-tab-content-3803\" aria-expanded=\"false\">CENTROS ESPECIALIZADOS PARA ESTUDIOS DE BIODISPONIBILIDAD Y BIOEQUIVALENCIA<\/div>\n\t\t\t\t\t\t\t\t\t<div id=\"elementor-tab-title-3804\" class=\"elementor-tab-title elementor-tab-desktop-title\" aria-selected=\"false\" data-tab=\"4\" role=\"tab\" tabindex=\"-1\" aria-controls=\"elementor-tab-content-3804\" aria-expanded=\"false\"> PROD. DE REFERENCIA PARA REALIZAR PERFILES DE DISOLUCI\u00d3N COMPARATIVOS EN ESPECIALIDADES FARMAC\u00c9UTICAS<\/div>\n\t\t\t\t\t\t\t\t\t<div id=\"elementor-tab-title-3805\" class=\"elementor-tab-title elementor-tab-desktop-title\" aria-selected=\"false\" data-tab=\"5\" role=\"tab\" tabindex=\"-1\" aria-controls=\"elementor-tab-content-3805\" aria-expanded=\"false\">CONTACTO<\/div>\n\t\t\t\t\t\t\t<\/div>\n\t\t\t<div class=\"elementor-tabs-content-wrapper\" role=\"tablist\" aria-orientation=\"vertical\">\n\t\t\t\t\t\t\t\t\t<div class=\"elementor-tab-title elementor-tab-mobile-title\" aria-selected=\"true\" data-tab=\"1\" role=\"tab\" tabindex=\"0\" aria-controls=\"elementor-tab-content-3801\" aria-expanded=\"false\">INFORMACION GENERAL<\/div>\n\t\t\t\t\t<div id=\"elementor-tab-content-3801\" class=\"elementor-tab-content elementor-clearfix\" data-tab=\"1\" role=\"tabpanel\" aria-labelledby=\"elementor-tab-title-3801\" tabindex=\"0\" hidden=\"false\">Los estudios de bioequivalencia tienen como finalidad demostrar que dos medicamentos que contienen el mismo principio activo, igual concentraci\u00f3n y v\u00eda de administraci\u00f3n poseen similares par\u00e1metros de biodisponibilidad al ser comparados estad\u00edsticamente. Esta demostraci\u00f3n posee gran importancia, ya que va a permitir asumir que al ser similar tanto la calidad, eficacia y seguridad, se le puede ofrecer a los pacientes los mismos beneficios terap\u00e9uticos.\n\nMarco legal : <a href=\"http:\/\/www.inhrr.gob.ve\/pdf\/pdf_jr\/norma_venezolana_de_biodisponibilidad_y_bioequivalencia_de_productos_farmaceuticos.pdf\">Norma Venezolana de Biodisponibilidad y Bioequivalencia de Productos Farmac\u00e9uticos<\/a>\n\n<a href=\"http:\/\/172.16.0.115\/wp-content\/uploads\/2022\/09\/DEFINICIONES.pdf\">Definiciones<\/a><\/div>\n\t\t\t\t\t\t\t\t\t<div class=\"elementor-tab-title elementor-tab-mobile-title\" aria-selected=\"false\" data-tab=\"2\" role=\"tab\" tabindex=\"-1\" aria-controls=\"elementor-tab-content-3802\" aria-expanded=\"false\">MEDICAMENTOS QUE DEBEN PRESENTAR  ESTUDIOS DE BIOEQUIVALENCIA<\/div>\n\t\t\t\t\t<div id=\"elementor-tab-content-3802\" class=\"elementor-tab-content elementor-clearfix\" data-tab=\"2\" role=\"tabpanel\" aria-labelledby=\"elementor-tab-title-3802\" tabindex=\"0\" hidden=\"hidden\"><p>Se han identificado una serie de medicamentos cuya forma farmac\u00e9utica, liberaci\u00f3n y v\u00eda de administraci\u00f3n, hacen necesaria la demostraci\u00f3n de la bioequivalencia, los cuales citan a continuaci\u00f3n:<\/p><ol><li><strong>Productos farmac\u00e9uticos de liberaci\u00f3n inmediata para administraci\u00f3n por v\u00eda oral que tengan una acci\u00f3n sist\u00e9mica y para los cuales se cumplan uno o m\u00e1s de los criterios siguientes:<\/strong><\/li><\/ol><ul><li>Medicamentos de uso cr\u00edtico.<\/li><li>Medicamentos con rango terap\u00e9utico estrecho (m\u00e1rgenes de eficacia y seguridad) y curva dosis-respuesta de pendiente elevada.<\/li><li>Existencia de evidencia documentada sobre problemas de biodisponibilidad o bioequivalencia relacionados con el principio activo o sus excipientes.<\/li><li>Principios activos de la Clase III (\u201calta\u201d solubilidad \u2013 \u201cbaja\u201d permeabilidad) y Clase IV (\u201cbaja\u201d solubilidad \u2013 \u201cbaja\u201d permeabilidad).<\/li><li>Evidencia cient\u00edfica que sugiera que los compuestos polimorfos del principio activo, los excipientes o los procesos de manufactura podr\u00edan afectar la bioequivalencia.<\/li><\/ul><ol start=\"2\"><li><strong>Productos farmac\u00e9uticos que no sean administrados por la v\u00eda oral o por v\u00eda parenteral pero que est\u00e9n destinados a actuar en forma sist\u00e9mica<\/strong><ul><li>Como los parches transd\u00e9rmicos, los supositorios, los geles de testosterona y los implantes anticonceptivos).<\/li><\/ul><\/li><li><strong>Productos farmac\u00e9uticos de liberaci\u00f3n modificada destinados a actuar sist\u00e9micamente.<\/strong><\/li><li><strong>Productos compuestos por una asociaci\u00f3n a dosis fija con acci\u00f3n sist\u00e9mica, que contenga un principio activo en el cual aplique la necesidad de realizar un estudio de bioequivalencia.<\/strong><\/li><\/ol><p><strong><a href=\"https:\/\/inhrr.gob.ve\/wp-content\/uploads\/2022\/09\/PRINCIPIOS-ACTIVOS-QUE-REQUIEREN-ESTUDIOS-DE-BIOEQUIVALENCIA-BIODISPONIBILIDAD-Y-PRODUCTOS-REFERENTES.pdf\">Listado Nacional de principios activo que requieren estudio de bioequivalencia y su producto referente.<\/a><\/strong><\/p><\/div>\n\t\t\t\t\t\t\t\t\t<div class=\"elementor-tab-title elementor-tab-mobile-title\" aria-selected=\"false\" data-tab=\"3\" role=\"tab\" tabindex=\"-1\" aria-controls=\"elementor-tab-content-3803\" aria-expanded=\"false\">CENTROS ESPECIALIZADOS PARA ESTUDIOS DE BIODISPONIBILIDAD Y BIOEQUIVALENCIA<\/div>\n\t\t\t\t\t<div id=\"elementor-tab-content-3803\" class=\"elementor-tab-content elementor-clearfix\" data-tab=\"3\" role=\"tabpanel\" aria-labelledby=\"elementor-tab-title-3803\" tabindex=\"0\" hidden=\"hidden\"><p>Los estudios de Biodisponibilidad y Bioequivalencia deben llevarse a cabo en centros o unidades, certificadas por el Instituto Nacional de Higiene \u201cRafael Rangel\u201d, de acuerdo a lo dispuesto en las Normas Venezolanas de Biodisponibilidad y Bioequivalencia de Productos Farmac\u00e9uticos.<\/p><ul><li><strong>Centros Especializados para Estudios de Biodisponibilidad y Bioequivalencia (CEEB):\u00a0<\/strong>Que tengan dentro de su infraestructura todas las Unidades Especiales para Estudios de Biodisponibilidad y Bioequivalencia (UEEB). Su certificaci\u00f3n tendr\u00e1 una vigencia de (02) a\u00f1os.<\/li><li><strong>Unidades Especiales Contratadas para Estudios de Biodisponibilidad y Bioequivalencia (UECEB):<\/strong>\u00a0Que son convenidas en forma individual por el Patrocinador del estudio. Estas Unidades pueden formar parte a su vez, de un Centro Especializado para Estudios de Biodisponibilidad y Bioequivalencia (CEEB). Su certificaci\u00f3n tendr\u00e1 una vigencia de un (01) a\u00f1o.<\/li><\/ul><p>La solicitud la autorizaci\u00f3n de Centros o Unidades para realizar Estudios de Biodisponibilidad y Bioequivalencia, debe realizarse empleando los siguientes Formularios:<\/p><ul><li><strong>F-PERC-045:\u00a0<\/strong><a href=\"http:\/\/www.inhrr.gob.ve\/pdf\/rc_pdf\/pdf_ef\/formularios\/F-PERC-045.doc\">Solicitud de Certificaci\u00f3n de Centros Especializados para realizar Estudios de Biodisponibilidad\/Bioequivalencia<\/a><\/li><li><strong>F-PERC-046:\u00a0<\/strong><a href=\"http:\/\/www.inhrr.gob.ve\/pdf\/rc_pdf\/pdf_ef\/formularios\/F-PERC-046.doc\">Solicitud de Certificaci\u00f3n de Unidades Cl\u00ednicas para realizar Estudios de Biodisponibilidad\/Bioequivalencia<\/a><\/li><li><strong>F-PERC-047:\u00a0<\/strong><a href=\"http:\/\/www.inhrr.gob.ve\/pdf\/rc_pdf\/pdf_ef\/formularios\/F-PERC-047.doc\">Solicitud de Certificaci\u00f3n de Unidades Bioanalitica donde realizan Estudios de Biodisponibilidad\/Bioequivalencia<\/a><\/li><li><strong>F-PERC-048:\u00a0<\/strong><a href=\"http:\/\/www.inhrr.gob.ve\/pdf\/rc_pdf\/pdf_ef\/formularios\/F-PERC-048.doc\">Solicitud de Certificaci\u00f3n de Unidades Estad\u00edsticas donde realizan Estudios de Biodisponibilidad\/Bioequivalencia<\/a><\/li><li><strong>F-PERC-049:\u00a0<\/strong><a href=\"http:\/\/www.inhrr.gob.ve\/pdf\/rc_pdf\/pdf_ef\/formularios\/F-PERC-049.doc\">Solicitud de Certificaci\u00f3n de Laboratorios de An\u00e1lisis Cl\u00ednicos que prestan servicios a los Centros Especializados o Unidades Cl\u00ednicas donde se realizan Estudios de Biodisponibilidad\/Bioequivalencia<\/a><\/li><li><strong>F-PERC-050:\u00a0<\/strong><a href=\"http:\/\/www.inhrr.gob.ve\/pdf\/rc_pdf\/pdf_ef\/formularios\/F-PERC-050.doc\">Solicitud de Renovaci\u00f3n de Centros Especializados donde se realizan Estudios de Biodisponibilidad\/Bioequivalencia<\/a><\/li><li><strong>F-PERC-051:\u00a0<\/strong><a href=\"http:\/\/www.inhrr.gob.ve\/pdf\/rc_pdf\/pdf_ef\/formularios\/F-PERC-051.doc\">Solicitud de Renovaci\u00f3n de Unidades Cl\u00ednicas donde realizan Estudios de Biodisponibilidad\/Bioequivalencia<\/a><\/li><li><strong>F-PERC-052:\u00a0<\/strong><a href=\"http:\/\/www.inhrr.gob.ve\/pdf\/rc_pdf\/pdf_ef\/formularios\/F-PERC-052.doc\">Solicitud de Renovaci\u00f3n de Unidades Bioanalitica donde realizan Estudios de Biodisponibilidad\/Bioequivalencia<\/a><\/li><li><strong>F-PERC-053:\u00a0<\/strong><a href=\"http:\/\/www.inhrr.gob.ve\/pdf\/rc_pdf\/pdf_ef\/formularios\/F-PERC-053.docx\">Solicitud de Renovaci\u00f3n de Unidades Estad\u00edsticas donde realizan Estudios de Biodisponibilidad\/Bioequivalencia<\/a><\/li><li><strong>F-PERC-054:\u00a0<\/strong><a href=\"http:\/\/www.inhrr.gob.ve\/pdf\/rc_pdf\/pdf_ef\/formularios\/F-PERC-054.docx\">Solicitud de Renovaci\u00f3n de Laboratorios de An\u00e1lisis Cl\u00ednicos que prestan servicios a los Centros Especializados o Unidades Cl\u00ednicas donde se realizan Estudios de Biodisponibilidad\/bioequivalencia.<\/a><\/li><\/ul><p>\u00a0<\/p><\/div>\n\t\t\t\t\t\t\t\t\t<div class=\"elementor-tab-title elementor-tab-mobile-title\" aria-selected=\"false\" data-tab=\"4\" role=\"tab\" tabindex=\"-1\" aria-controls=\"elementor-tab-content-3804\" aria-expanded=\"false\"> PROD. DE REFERENCIA PARA REALIZAR PERFILES DE DISOLUCI\u00d3N COMPARATIVOS EN ESPECIALIDADES FARMAC\u00c9UTICAS<\/div>\n\t\t\t\t\t<div id=\"elementor-tab-content-3804\" class=\"elementor-tab-content elementor-clearfix\" data-tab=\"4\" role=\"tabpanel\" aria-labelledby=\"elementor-tab-title-3804\" tabindex=\"0\" hidden=\"hidden\"><p><img fetchpriority=\"high\" decoding=\"async\" class=\"aligncenter size-full wp-image-8769\" src=\"https:\/\/inhrr.gob.ve\/wp-content\/uploads\/2024\/07\/product1.jpg\" alt=\"\" width=\"616\" height=\"815\" srcset=\"https:\/\/inhrr.gob.ve\/wp-content\/uploads\/2024\/07\/product1.jpg 616w, https:\/\/inhrr.gob.ve\/wp-content\/uploads\/2024\/07\/product1-227x300.jpg 227w\" sizes=\"(max-width: 616px) 100vw, 616px\" \/><\/p><p><img decoding=\"async\" class=\"aligncenter size-full wp-image-8770\" src=\"https:\/\/inhrr.gob.ve\/wp-content\/uploads\/2024\/07\/product2.jpg\" alt=\"\" width=\"619\" height=\"804\" srcset=\"https:\/\/inhrr.gob.ve\/wp-content\/uploads\/2024\/07\/product2.jpg 619w, https:\/\/inhrr.gob.ve\/wp-content\/uploads\/2024\/07\/product2-231x300.jpg 231w\" sizes=\"(max-width: 619px) 100vw, 619px\" \/><\/p><p><img decoding=\"async\" class=\"aligncenter size-full wp-image-8771\" src=\"https:\/\/inhrr.gob.ve\/wp-content\/uploads\/2024\/07\/product3.jpg\" alt=\"\" width=\"585\" height=\"775\" srcset=\"https:\/\/inhrr.gob.ve\/wp-content\/uploads\/2024\/07\/product3.jpg 585w, https:\/\/inhrr.gob.ve\/wp-content\/uploads\/2024\/07\/product3-226x300.jpg 226w\" sizes=\"(max-width: 585px) 100vw, 585px\" \/><\/p><p><img loading=\"lazy\" decoding=\"async\" class=\"aligncenter size-full wp-image-8772\" src=\"https:\/\/inhrr.gob.ve\/wp-content\/uploads\/2024\/07\/product4.jpg\" alt=\"\" width=\"607\" height=\"808\" srcset=\"https:\/\/inhrr.gob.ve\/wp-content\/uploads\/2024\/07\/product4.jpg 607w, https:\/\/inhrr.gob.ve\/wp-content\/uploads\/2024\/07\/product4-225x300.jpg 225w\" sizes=\"(max-width: 607px) 100vw, 607px\" \/><\/p><p><img loading=\"lazy\" decoding=\"async\" class=\"aligncenter size-full wp-image-8773\" src=\"https:\/\/inhrr.gob.ve\/wp-content\/uploads\/2024\/07\/product5.jpg\" alt=\"\" width=\"579\" height=\"798\" srcset=\"https:\/\/inhrr.gob.ve\/wp-content\/uploads\/2024\/07\/product5.jpg 579w, https:\/\/inhrr.gob.ve\/wp-content\/uploads\/2024\/07\/product5-218x300.jpg 218w\" sizes=\"(max-width: 579px) 100vw, 579px\" \/><\/p><p><img loading=\"lazy\" decoding=\"async\" class=\"aligncenter size-full wp-image-8774\" src=\"https:\/\/inhrr.gob.ve\/wp-content\/uploads\/2024\/07\/product6.jpg\" alt=\"\" width=\"580\" height=\"823\" srcset=\"https:\/\/inhrr.gob.ve\/wp-content\/uploads\/2024\/07\/product6.jpg 580w, https:\/\/inhrr.gob.ve\/wp-content\/uploads\/2024\/07\/product6-211x300.jpg 211w\" sizes=\"(max-width: 580px) 100vw, 580px\" \/><\/p><p><img loading=\"lazy\" decoding=\"async\" class=\"aligncenter size-full wp-image-8775\" src=\"https:\/\/inhrr.gob.ve\/wp-content\/uploads\/2024\/07\/product7.jpg\" alt=\"\" width=\"599\" height=\"813\" srcset=\"https:\/\/inhrr.gob.ve\/wp-content\/uploads\/2024\/07\/product7.jpg 599w, https:\/\/inhrr.gob.ve\/wp-content\/uploads\/2024\/07\/product7-221x300.jpg 221w\" sizes=\"(max-width: 599px) 100vw, 599px\" \/><\/p><p><img loading=\"lazy\" decoding=\"async\" class=\"aligncenter size-full wp-image-8776\" src=\"https:\/\/inhrr.gob.ve\/wp-content\/uploads\/2024\/07\/product8.jpg\" alt=\"\" width=\"601\" height=\"813\" srcset=\"https:\/\/inhrr.gob.ve\/wp-content\/uploads\/2024\/07\/product8.jpg 601w, https:\/\/inhrr.gob.ve\/wp-content\/uploads\/2024\/07\/product8-222x300.jpg 222w\" sizes=\"(max-width: 601px) 100vw, 601px\" \/><\/p><p><img loading=\"lazy\" decoding=\"async\" class=\"aligncenter size-full wp-image-8777\" src=\"https:\/\/inhrr.gob.ve\/wp-content\/uploads\/2024\/07\/product9.jpg\" alt=\"\" width=\"592\" height=\"471\" srcset=\"https:\/\/inhrr.gob.ve\/wp-content\/uploads\/2024\/07\/product9.jpg 592w, https:\/\/inhrr.gob.ve\/wp-content\/uploads\/2024\/07\/product9-300x239.jpg 300w\" sizes=\"(max-width: 592px) 100vw, 592px\" \/><\/p><p>\u00a0<\/p><p>\u00a0<\/p><p>\u00a0<\/p><p>\u00a0<\/p><p>\u00a0<\/p><p>\u00a0<\/p><\/div>\n\t\t\t\t\t\t\t\t\t<div class=\"elementor-tab-title elementor-tab-mobile-title\" aria-selected=\"false\" data-tab=\"5\" role=\"tab\" tabindex=\"-1\" aria-controls=\"elementor-tab-content-3805\" aria-expanded=\"false\">CONTACTO<\/div>\n\t\t\t\t\t<div id=\"elementor-tab-content-3805\" class=\"elementor-tab-content elementor-clearfix\" data-tab=\"5\" role=\"tabpanel\" aria-labelledby=\"elementor-tab-title-3805\" tabindex=\"0\" hidden=\"hidden\"><p>En caso de requerir comunicarse o tener una audiencia con la Gerencia Sectorial de Registro y Control, deber\u00e1 enviar correo electr\u00f3nico a <a href=\"mailto:bioequivalencia.dasm.inhrr@gmail.com\" target=\"_blank\" rel=\"noopener\">bioequivalencia.dasm.inhrr@<wbr \/>gmail.com<\/a> con exposici\u00f3n clara y concisa del motivo de la solicitud y datos completos del solicitante.<\/p><\/div>\n\t\t\t\t\t\t\t<\/div>\n\t\t<\/div>\n\t\t\t\t\t\t<\/div>\n\t\t\t\t<\/div>\n\t\t\t\t\t<\/div>\n\t\t<\/div>\n\t\t\t\t\t<\/div>\n\t\t<\/section>\n\t\t\t\t<\/div>\n\t\t","protected":false},"excerpt":{"rendered":"<p>BIOEQUIVALENCIA INFORMACION GENERAL MEDICAMENTOS QUE DEBEN PRESENTAR ESTUDIOS DE BIOEQUIVALENCIA CENTROS ESPECIALIZADOS PARA ESTUDIOS DE BIODISPONIBILIDAD Y BIOEQUIVALENCIA PROD. DE REFERENCIA PARA REALIZAR PERFILES DE DISOLUCI\u00d3N COMPARATIVOS EN ESPECIALIDADES FARMAC\u00c9UTICAS CONTACTO INFORMACION GENERAL Los estudios de bioequivalencia tienen como finalidad demostrar que dos medicamentos que contienen el mismo principio activo, igual concentraci\u00f3n y v\u00eda de &#8230; <a title=\"BIOEQUIVALENCIAS\" class=\"read-more\" href=\"https:\/\/inhrr.gob.ve\/?page_id=3953\" aria-label=\"Leer m\u00e1s sobre BIOEQUIVALENCIAS\">Leer m\u00e1s<\/a><\/p>\n","protected":false},"author":1,"featured_media":0,"parent":0,"menu_order":0,"comment_status":"closed","ping_status":"closed","template":"","meta":{"footnotes":""},"class_list":["post-3953","page","type-page","status-publish"],"_links":{"self":[{"href":"https:\/\/inhrr.gob.ve\/index.php?rest_route=\/wp\/v2\/pages\/3953","targetHints":{"allow":["GET"]}}],"collection":[{"href":"https:\/\/inhrr.gob.ve\/index.php?rest_route=\/wp\/v2\/pages"}],"about":[{"href":"https:\/\/inhrr.gob.ve\/index.php?rest_route=\/wp\/v2\/types\/page"}],"author":[{"embeddable":true,"href":"https:\/\/inhrr.gob.ve\/index.php?rest_route=\/wp\/v2\/users\/1"}],"replies":[{"embeddable":true,"href":"https:\/\/inhrr.gob.ve\/index.php?rest_route=%2Fwp%2Fv2%2Fcomments&post=3953"}],"version-history":[{"count":49,"href":"https:\/\/inhrr.gob.ve\/index.php?rest_route=\/wp\/v2\/pages\/3953\/revisions"}],"predecessor-version":[{"id":8780,"href":"https:\/\/inhrr.gob.ve\/index.php?rest_route=\/wp\/v2\/pages\/3953\/revisions\/8780"}],"wp:attachment":[{"href":"https:\/\/inhrr.gob.ve\/index.php?rest_route=%2Fwp%2Fv2%2Fmedia&parent=3953"}],"curies":[{"name":"wp","href":"https:\/\/api.w.org\/{rel}","templated":true}]}}