{"id":5959,"date":"2022-09-23T15:19:54","date_gmt":"2022-09-23T19:19:54","guid":{"rendered":"http:\/\/172.16.0.115\/?page_id=5959"},"modified":"2022-09-26T18:50:53","modified_gmt":"2022-09-26T22:50:53","slug":"promocion-y-publicidad-de-medicamentos","status":"publish","type":"page","link":"https:\/\/inhrr.gob.ve\/?page_id=5959","title":{"rendered":"PROMOCI\u00d3N  Y PUBLICIDAD  DE MEDICAMENTOS"},"content":{"rendered":"\t\t<div data-elementor-type=\"wp-page\" data-elementor-id=\"5959\" class=\"elementor elementor-5959\" data-elementor-post-type=\"page\">\n\t\t\t\t\t\t<section class=\"elementor-section elementor-top-section elementor-element elementor-element-6d6a562 elementor-section-boxed elementor-section-height-default elementor-section-height-default\" data-id=\"6d6a562\" data-element_type=\"section\">\n\t\t\t\t\t\t<div class=\"elementor-container elementor-column-gap-default\">\n\t\t\t\t\t<div class=\"elementor-column elementor-col-100 elementor-top-column elementor-element elementor-element-abc05f1\" data-id=\"abc05f1\" data-element_type=\"column\">\n\t\t\t<div class=\"elementor-widget-wrap elementor-element-populated\">\n\t\t\t\t\t\t<div class=\"elementor-element elementor-element-0e0bdcc elementor-widget elementor-widget-heading\" data-id=\"0e0bdcc\" data-element_type=\"widget\" data-widget_type=\"heading.default\">\n\t\t\t\t<div class=\"elementor-widget-container\">\n\t\t\t\t\t<h2 class=\"elementor-heading-title elementor-size-default\">PROMOCI\u00d3N  Y PUBLICIDAD  DE MEDICAMENTOS<\/h2>\t\t\t\t<\/div>\n\t\t\t\t<\/div>\n\t\t\t\t\t<\/div>\n\t\t<\/div>\n\t\t\t\t\t<\/div>\n\t\t<\/section>\n\t\t\t\t<section class=\"elementor-section elementor-top-section elementor-element elementor-element-ed530ec elementor-section-boxed elementor-section-height-default elementor-section-height-default\" data-id=\"ed530ec\" data-element_type=\"section\">\n\t\t\t\t\t\t<div class=\"elementor-container elementor-column-gap-default\">\n\t\t\t\t\t<div class=\"elementor-column elementor-col-100 elementor-top-column elementor-element elementor-element-7ef5359\" data-id=\"7ef5359\" data-element_type=\"column\">\n\t\t\t<div class=\"elementor-widget-wrap elementor-element-populated\">\n\t\t\t\t\t\t<div class=\"elementor-element elementor-element-b2f6dfc elementor-widget elementor-widget-shortcode\" data-id=\"b2f6dfc\" data-element_type=\"widget\" data-widget_type=\"shortcode.default\">\n\t\t\t\t<div class=\"elementor-widget-container\">\n\t\t\t\t\t\t\t<div class=\"elementor-shortcode\">\n<table id=\"tablepress-39\" class=\"tablepress tablepress-id-39 tablita farma\">\n<thead>\n<tr class=\"row-1\">\n\t<th class=\"column-1\">N\u00b0<\/th><th class=\"column-2\">Asunto<\/th><th class=\"column-3\">Representante<\/th><th class=\"column-4\">Estado<\/th><th class=\"column-5\">Fecha <\/th>\n<\/tr>\n<\/thead>\n<tbody class=\"row-striping row-hover\">\n<tr class=\"row-2\">\n\t<td class=\"column-1\">1<\/td><td class=\"column-2\">Participaci\u00f3n en actividad virtual LIVE<\/td><td class=\"column-3\">LABORATORIOS FARMA S.A.<\/td><td class=\"column-4\">Se toma nota<\/td><td class=\"column-5\">2021-08-30<\/td>\n<\/tr>\n<tr class=\"row-3\">\n\t<td class=\"column-1\">2<\/td><td class=\"column-2\">Participaci\u00f3n en Congreso <\/td><td class=\"column-3\">LABORATORIOS FARMA S.A.<\/td><td class=\"column-4\">Se toma nota<\/td><td class=\"column-5\">2021-08-30 <\/td>\n<\/tr>\n<tr class=\"row-4\">\n\t<td class=\"column-1\">3<\/td><td class=\"column-2\">Participaci\u00f3n en actividad virtual LIVE<\/td><td class=\"column-3\">LABORATORIOS FARMA S.A.<\/td><td class=\"column-4\">Se toma nota<\/td><td class=\"column-5\">2021-08-30 <\/td>\n<\/tr>\n<tr class=\"row-5\">\n\t<td class=\"column-1\">4<\/td><td class=\"column-2\">Participaci\u00f3n en actividad virtual LIVE<\/td><td class=\"column-3\">LABORATORIOS FARMA S.A.<\/td><td class=\"column-4\">Se toma nota<\/td><td class=\"column-5\">2021-08-30 <\/td>\n<\/tr>\n<tr class=\"row-6\">\n\t<td class=\"column-1\">5<\/td><td class=\"column-2\">Publicidad exterior del material publicitario en las puertas de vidrio de las farmacias <\/td><td class=\"column-3\">LABORATORIOS FARMA S.A.<\/td><td class=\"column-4\">No autorizada<\/td><td class=\"column-5\">2021-08-30<\/td>\n<\/tr>\n<tr class=\"row-7\">\n\t<td class=\"column-1\">6<\/td><td class=\"column-2\">Participaci\u00f3n en actividad virtual LIVE<\/td><td class=\"column-3\">LABORATORIOS FARMA S.A.<\/td><td class=\"column-4\">Se toma nota<\/td><td class=\"column-5\">2021-08-30<\/td>\n<\/tr>\n<tr class=\"row-8\">\n\t<td class=\"column-1\">7<\/td><td class=\"column-2\">Publicidad televisiva<\/td><td class=\"column-3\">LABORATORIOS FARMA S.A.<\/td><td class=\"column-4\">No autorizada<\/td><td class=\"column-5\">2021-08-30<\/td>\n<\/tr>\n<tr class=\"row-9\">\n\t<td class=\"column-1\">8<\/td><td class=\"column-2\">Publicidad radiof\u00f3nica<\/td><td class=\"column-3\">LABORATORIOS FARMA S.A.<\/td><td class=\"column-4\">No autorizada<\/td><td class=\"column-5\">2021-08-30<\/td>\n<\/tr>\n<tr class=\"row-10\">\n\t<td class=\"column-1\">9<\/td><td class=\"column-2\">Publicidad televisiva (cine,televisi\u00f3n), publicidad radiof\u00f3nica, alusivas a los productos: DOL TABLETAS RECUBIERTAS y DOL PLUS TABLETAS <\/td><td class=\"column-3\">CALOX INTERNATIONAL, C.A.<\/td><td class=\"column-4\">No autorizada<\/td><td class=\"column-5\">2021-08-30<\/td>\n<\/tr>\n<tr class=\"row-11\">\n\t<td class=\"column-1\">10<\/td><td class=\"column-2\">Publicidad televisiva (canales nacionales y televisi\u00f3n por cable), publicidad radiof\u00f3nica, de los productos gen\u00e9ricos <\/td><td class=\"column-3\">LABORATORIOS LA SANTE, C.A.<\/td><td class=\"column-4\">No autorizada<\/td><td class=\"column-5\">2021-08-30<\/td>\n<\/tr>\n<tr class=\"row-12\">\n\t<td class=\"column-1\">11<\/td><td class=\"column-2\">Publicidad exterior (farmacias, calles, postes) del producto CLADINE 0,12mg\/mL SOLUCI\u00d3N OFT\u00c1LMICA<\/td><td class=\"column-3\">LABORATORIOS FARMA S.A.<\/td><td class=\"column-4\">Autorizada<\/td><td class=\"column-5\">2021-08-30<\/td>\n<\/tr>\n<tr class=\"row-13\">\n\t<td class=\"column-1\">12<\/td><td class=\"column-2\">Publicidad televisiva (cine, televisi\u00f3n), publicidad radiof\u00f3nica, publicidad exterior (vallas), publicidad online (en redes sociales), para una pauta publicitaria Institucional<\/td><td class=\"column-3\">CALOX INTERNATIONAL, C.A.<\/td><td class=\"column-4\">No autorizada<\/td><td class=\"column-5\">2021-11-03<\/td>\n<\/tr>\n<tr class=\"row-14\">\n\t<td class=\"column-1\">13<\/td><td class=\"column-2\">Publicidad televisiva (cine, televisi\u00f3n), publicidad radiof\u00f3nica,  publicidad exterior (vallas), publicidad online (en redes sociales), para una pauta publicitaria Institucional<\/td><td class=\"column-3\">CALOX INTERNATIONAL, C.A.<\/td><td class=\"column-4\">No autorizada<\/td><td class=\"column-5\">2021-11-25<\/td>\n<\/tr>\n<tr class=\"row-15\">\n\t<td class=\"column-1\">14<\/td><td class=\"column-2\">Publicidad televisiva (canales nacionales, televisi\u00f3n por cable), publicidad radiof\u00f3nica, publicidad online (en redes sociales), publicidad en medios impresos, relacionada con el cambio de imagen de los productos antes Galeno y ahora Pharmetique<\/td><td class=\"column-3\">LABORATORIOS LA SANTE, C.A.<\/td><td class=\"column-4\">Autorizada<\/td><td class=\"column-5\">2022-02-23<\/td>\n<\/tr>\n<tr class=\"row-16\">\n\t<td class=\"column-1\">15<\/td><td class=\"column-2\">Publicidad televisiva (canales nacionales, televisi\u00f3n por cable), publicidad radiof\u00f3nica, publicidad online (en redes sociales), publicidad en medios impresos,en la cual se desea transmitir un mensaje educativo  y el cambio de imagen de los productos antes Galeno y ahora Pharmetique<\/td><td class=\"column-3\">LABORATORIOS LA SANTE, C.A.<\/td><td class=\"column-4\">Autorizada<\/td><td class=\"column-5\">2022-02-23<\/td>\n<\/tr>\n<tr class=\"row-17\">\n\t<td class=\"column-1\">16<\/td><td class=\"column-2\">Publicidad en medios impresos de la Linea ACIDO ASCORBICO 500mg TABLETAS MASTICABLES (sabor a Naranja, Mandarina, Tutti Frutti)<\/td><td class=\"column-3\">LABORATORIOS LA SANTE, C.A.<\/td><td class=\"column-4\">No autorizada<\/td><td class=\"column-5\">2022-02-23<\/td>\n<\/tr>\n<tr class=\"row-18\">\n\t<td class=\"column-1\">17<\/td><td class=\"column-2\">Publicidad televisiva,  publicidad online (videos online), pauta publicitaria institucional de Calox International, C.A.<\/td><td class=\"column-3\">CALOX INTERNATIONAL, C.A.<\/td><td class=\"column-4\">No autorizada<\/td><td class=\"column-5\">2022-02-23<\/td>\n<\/tr>\n<tr class=\"row-19\">\n\t<td class=\"column-1\">18<\/td><td class=\"column-2\">Publicidad en medios impresos relativa a las marcas ALIVET y MIGREN, que consiste en la colocaci\u00f3n de la imagen impresas en el dorso de las facturas que la empresa Farmatodo entrega a  los clientes<\/td><td class=\"column-3\">LABORATORIOS LETI S.A.V.<\/td><td class=\"column-4\">No autorizada<\/td><td class=\"column-5\">2022-03-04<\/td>\n<\/tr>\n<tr class=\"row-20\">\n\t<td class=\"column-1\">19<\/td><td class=\"column-2\">Publicidad online (en redes sociales), donde se tratara temas a nivel institucional y actividades internas de la Casa de Representaci\u00f3n <\/td><td class=\"column-3\">COMERCIALIZADORA NEOPHARMA DE VENEZUELA, C.A.<\/td><td class=\"column-4\">Se toma nota<\/td><td class=\"column-5\">2022-03-04<\/td>\n<\/tr>\n<tr class=\"row-21\">\n\t<td class=\"column-1\">20<\/td><td class=\"column-2\">Promoci\u00f3n a pacientes que padecen enfermedades cr\u00f3nicas y que adquieran dos unidades del mismo productos de Megalabs VZL, C.A., en el cual ofrecer\u00edan un  tratamiento adicional<\/td><td class=\"column-3\">MEGALABS VZL, C.A.<\/td><td class=\"column-4\">No autorizada<\/td><td class=\"column-5\">2022-03-02<\/td>\n<\/tr>\n<tr class=\"row-22\">\n\t<td class=\"column-1\">21<\/td><td class=\"column-2\">Promoci\u00f3n en una actividad p\u00fablica deportiva<\/td><td class=\"column-3\">LABORATORIOS FARMA S.A.<\/td><td class=\"column-4\">Se toma nota<\/td><td class=\"column-5\">2022-03-10<\/td>\n<\/tr>\n<tr class=\"row-23\">\n\t<td class=\"column-1\">22<\/td><td class=\"column-2\">Publicidad radiof\u00f3nica relacionada con el producto DARLIDE 1000 UI C\u00c1PSULAS BLANDAS<\/td><td class=\"column-3\">LABORATORIOS FC PHARMA, C.A.<\/td><td class=\"column-4\">No autorizada<\/td><td class=\"column-5\">2022-04-12<\/td>\n<\/tr>\n<tr class=\"row-24\">\n\t<td class=\"column-1\">23<\/td><td class=\"column-2\">Publicidad radiof\u00f3nica relacionada con el producto VITAMINA C 500mg C\u00c1PSULAS BLANDAS<\/td><td class=\"column-3\">LABORATORIOS FC PHARMA, C.A.<\/td><td class=\"column-4\">No autorizada<\/td><td class=\"column-5\">2022-04-12<\/td>\n<\/tr>\n<tr class=\"row-25\">\n\t<td class=\"column-1\">24<\/td><td class=\"column-2\">Eliminar publicidad no autorizada publicada en las redes sociales<\/td><td class=\"column-3\">MEGALABS VZL., C.A.<\/td><td class=\"column-4\">Eliminada de la Red Social<\/td><td class=\"column-5\">2022-04-18<\/td>\n<\/tr>\n<tr class=\"row-26\">\n\t<td class=\"column-1\">25<\/td><td class=\"column-2\">Publicidad televisiva, publicidad radiof\u00f3nica, publicidad online, relacionado con la nueva imagen del Grupo Leti<\/td><td class=\"column-3\">LABORATORIOS LETI S.A.V.<\/td><td class=\"column-4\">Autorizada<\/td><td class=\"column-5\">2022-04-27<\/td>\n<\/tr>\n<tr class=\"row-27\">\n\t<td class=\"column-1\">26<\/td><td class=\"column-2\">Publicidad exterior (valla), relacionada con DOL TABLETAS RECUBIERTAS<\/td><td class=\"column-3\">CALOX INTERNATIONAL, C.A.<\/td><td class=\"column-4\">Autorizada<\/td><td class=\"column-5\">2022-04-29<\/td>\n<\/tr>\n<tr class=\"row-28\">\n\t<td class=\"column-1\">27<\/td><td class=\"column-2\">Publicidad exterior (valla), relacionada con DOL PLUS TABLETAS<\/td><td class=\"column-3\">CALOX INTERNATIONAL, C.A.<\/td><td class=\"column-4\">Autorizada<\/td><td class=\"column-5\">2022-04-29<\/td>\n<\/tr>\n<tr class=\"row-29\">\n\t<td class=\"column-1\">28<\/td><td class=\"column-2\">Promoci\u00f3n de comercializaci\u00f3n, que consiste en la venta de una unidad por 10 c\u00e1psulas y en la que recibir\u00e1 una unidad adicional por 10 c\u00e1psulas sin valor comercial del producto BRASARTAN 80mg CAPSULAS <\/td><td class=\"column-3\">LABORATORIOS FARMA, S.A.<\/td><td class=\"column-4\">No autorizada<\/td><td class=\"column-5\">2022-05-05<\/td>\n<\/tr>\n<tr class=\"row-30\">\n\t<td class=\"column-1\">29<\/td><td class=\"column-2\">Promoci\u00f3n de comercializaci\u00f3n, que consiste  en la venta de una unidad por 10 c\u00e1psulas y en la que recibir\u00e1 una unidad adicional por 10 c\u00e1psulas sin valor comercial del producto REGULIP 10mg TABLETAS<\/td><td class=\"column-3\">LABORATORIOS FARMA, S.A.<\/td><td class=\"column-4\">No autorizada<\/td><td class=\"column-5\">2022-06-10<\/td>\n<\/tr>\n<tr class=\"row-31\">\n\t<td class=\"column-1\">30<\/td><td class=\"column-2\">Publicidad radiof\u00f3nica, publicidad online, relacionada al cambio de imagen de GENVEN GENERICOS VENEZOLANOS, S.A.<\/td><td class=\"column-3\">GENVEN GENERICOS VENEZOLANOS, S.A.<\/td><td class=\"column-4\">Autorizada<\/td><td class=\"column-5\">2022-06-10<\/td>\n<\/tr>\n<tr class=\"row-32\">\n\t<td class=\"column-1\">31<\/td><td class=\"column-2\">Participaci\u00f3n en diversos Congresos<\/td><td class=\"column-3\">LABORATORIOS FARMA, S.A.<\/td><td class=\"column-4\">Se toma nota<\/td><td class=\"column-5\">2022-06-10<\/td>\n<\/tr>\n<tr class=\"row-33\">\n\t<td class=\"column-1\">32<\/td><td class=\"column-2\">Publicidad online( video online), promocional del producto FUGOLIN 1% CREMA VAGINAL<\/td><td class=\"column-3\">LABORATORIOS VINCENTI, C.A.<\/td><td class=\"column-4\">No autorizada<\/td><td class=\"column-5\">2022-06-10<\/td>\n<\/tr>\n<tr class=\"row-34\">\n\t<td class=\"column-1\">33<\/td><td class=\"column-2\">Publicidad exterior (vallas, banderolas), publicidad online (en redes sociales), para campa\u00f1a Institucional de Meyer Productos Terap\u00e9uticos, S.A. <\/td><td class=\"column-3\">MEYER PRODUCTOS TERAPEUTICOS, S.A.<\/td><td class=\"column-4\">Autorizada<\/td><td class=\"column-5\">2022-06-10<\/td>\n<\/tr>\n<tr class=\"row-35\">\n\t<td class=\"column-1\">34<\/td><td class=\"column-2\">Publicidad exterior (vallas, banderolas), publicidad online (en redes sociales), para la promoci\u00f3n del producto MULTIVIRAL CAPSULAS <\/td><td class=\"column-3\">MEYER PRODUCTOS TERAPEUTICOS, S.A.<\/td><td class=\"column-4\">No autorizada <\/td><td class=\"column-5\">2022-06-10<\/td>\n<\/tr>\n<tr class=\"row-36\">\n\t<td class=\"column-1\">35<\/td><td class=\"column-2\">Publicidad televisiva (canales nacionales, televisi\u00f3n por cable), publicidad radiof\u00f3nica, publicidad online (en redes sociales, revistas digitales), publicidad en medios impresos, publicidad exterior (vallas), de la l\u00ednea de productos PHARMETIQUE<\/td><td class=\"column-3\">LABORATORIOS LA SANTE, C.A.<\/td><td class=\"column-4\">No autorizada<\/td><td class=\"column-5\">2022-07-01<\/td>\n<\/tr>\n<tr class=\"row-37\">\n\t<td class=\"column-1\">36<\/td><td class=\"column-2\">Publicidad exterior (microperforados que ser\u00e1n colocados en las puertas de vidro de las farmacias), de la marca de productos FEMMEX<\/td><td class=\"column-3\">LABORATORIOS FARMA, S.A.<\/td><td class=\"column-4\">No autorizada<\/td><td class=\"column-5\">2022-07-19<\/td>\n<\/tr>\n<tr class=\"row-38\">\n\t<td class=\"column-1\">37<\/td><td class=\"column-2\">Publicidad exterior (vallas), publicidad en medios impresos (revistas, afiches), publicidad online (en redes sociales), del material  publicitario para la campa\u00f1a \"Institucional\" de Laboratorios Elmor, S.A.<\/td><td class=\"column-3\">LABORATORIOS ELMOR, S.A.<\/td><td class=\"column-4\">No autorizada<\/td><td class=\"column-5\">2022-07-19<\/td>\n<\/tr>\n<tr class=\"row-39\">\n\t<td class=\"column-1\">38<\/td><td class=\"column-2\">Publicidad televisiva (canales nacionales, televisi\u00f3n por cable), publicidad radiof\u00f3nica, publicidad online ( en redes sociales), de la L\u00ednea BUCOXOLGAR<\/td><td class=\"column-3\">LABORATORIOS LA SANTE, C.A.<\/td><td class=\"column-4\">No autorizada<\/td><td class=\"column-5\">2022-07-28<\/td>\n<\/tr>\n<tr class=\"row-40\">\n\t<td class=\"column-1\">39<\/td><td class=\"column-2\">Participaci\u00f3n de la empresa en evento cient\u00edfico <\/td><td class=\"column-3\">LABORATORIOS FARMA, S.A.<\/td><td class=\"column-4\">Se toma nota<\/td><td class=\"column-5\">2022-08-08<\/td>\n<\/tr>\n<tr class=\"row-41\">\n\t<td class=\"column-1\">40<\/td><td class=\"column-2\">Publicidad televisiva (canales nacionales, televisi\u00f3n por cable), publicidad radiof\u00f3nica, publicidad online (en redes sociales) correspondiente al  cambio de imag\u00e9n de Galeno ahora Pharmetique Labs<\/td><td class=\"column-3\">LABORATORIOS LA SANTE, C.A.<\/td><td class=\"column-4\">No se acepta<\/td><td class=\"column-5\">2022-08-26<\/td>\n<\/tr>\n<\/tbody>\n<\/table>\n<!-- #tablepress-39 from cache --><\/div>\n\t\t\t\t\t\t<\/div>\n\t\t\t\t<\/div>\n\t\t\t\t\t<\/div>\n\t\t<\/div>\n\t\t\t\t\t<\/div>\n\t\t<\/section>\n\t\t\t\t<\/div>\n\t\t","protected":false},"excerpt":{"rendered":"<p>PROMOCI\u00d3N Y PUBLICIDAD DE MEDICAMENTOS<\/p>\n","protected":false},"author":1,"featured_media":0,"parent":0,"menu_order":0,"comment_status":"closed","ping_status":"closed","template":"","meta":{"footnotes":""},"class_list":["post-5959","page","type-page","status-publish"],"_links":{"self":[{"href":"https:\/\/inhrr.gob.ve\/index.php?rest_route=\/wp\/v2\/pages\/5959","targetHints":{"allow":["GET"]}}],"collection":[{"href":"https:\/\/inhrr.gob.ve\/index.php?rest_route=\/wp\/v2\/pages"}],"about":[{"href":"https:\/\/inhrr.gob.ve\/index.php?rest_route=\/wp\/v2\/types\/page"}],"author":[{"embeddable":true,"href":"https:\/\/inhrr.gob.ve\/index.php?rest_route=\/wp\/v2\/users\/1"}],"replies":[{"embeddable":true,"href":"https:\/\/inhrr.gob.ve\/index.php?rest_route=%2Fwp%2Fv2%2Fcomments&post=5959"}],"version-history":[{"count":10,"href":"https:\/\/inhrr.gob.ve\/index.php?rest_route=\/wp\/v2\/pages\/5959\/revisions"}],"predecessor-version":[{"id":5996,"href":"https:\/\/inhrr.gob.ve\/index.php?rest_route=\/wp\/v2\/pages\/5959\/revisions\/5996"}],"wp:attachment":[{"href":"https:\/\/inhrr.gob.ve\/index.php?rest_route=%2Fwp%2Fv2%2Fmedia&parent=5959"}],"curies":[{"name":"wp","href":"https:\/\/api.w.org\/{rel}","templated":true}]}}