{"id":6989,"date":"2022-11-10T19:28:26","date_gmt":"2022-11-10T23:28:26","guid":{"rendered":"http:\/\/172.16.0.115\/?page_id=6989"},"modified":"2022-11-30T16:44:42","modified_gmt":"2022-11-30T20:44:42","slug":"examen-clinico-citohistopatologico-veterinario","status":"publish","type":"page","link":"https:\/\/inhrr.gob.ve\/?page_id=6989","title":{"rendered":"Examen Cl\u00ednico Citohistopatol\u00f3gico (Veterinario)"},"content":{"rendered":"\t\t<div data-elementor-type=\"wp-page\" data-elementor-id=\"6989\" class=\"elementor elementor-6989\" data-elementor-post-type=\"page\">\n\t\t\t\t\t\t<section class=\"elementor-section elementor-top-section elementor-element elementor-element-9fe6c9e elementor-section-boxed elementor-section-height-default elementor-section-height-default\" data-id=\"9fe6c9e\" data-element_type=\"section\">\n\t\t\t\t\t\t<div class=\"elementor-container elementor-column-gap-default\">\n\t\t\t\t\t<div class=\"elementor-column elementor-col-33 elementor-top-column elementor-element elementor-element-9b61ba4\" data-id=\"9b61ba4\" data-element_type=\"column\">\n\t\t\t<div class=\"elementor-widget-wrap elementor-element-populated\">\n\t\t\t\t\t\t<div class=\"elementor-element elementor-element-f05268a elementor-widget elementor-widget-template\" data-id=\"f05268a\" data-element_type=\"widget\" data-widget_type=\"template.default\">\n\t\t\t\t<div class=\"elementor-widget-container\">\n\t\t\t\t\t\t\t<div class=\"elementor-template\">\n\t\t\t\t\t<div data-elementor-type=\"section\" data-elementor-id=\"1840\" class=\"elementor elementor-1840\" data-elementor-post-type=\"elementor_library\">\n\t\t\t\t\t<section class=\"elementor-section elementor-top-section elementor-element elementor-element-745c6c2c elementor-section-boxed elementor-section-height-default elementor-section-height-default\" data-id=\"745c6c2c\" data-element_type=\"section\">\n\t\t\t\t\t\t<div class=\"elementor-container elementor-column-gap-default\">\n\t\t\t\t\t<div class=\"elementor-column elementor-col-100 elementor-top-column elementor-element elementor-element-71d546fc\" data-id=\"71d546fc\" data-element_type=\"column\">\n\t\t\t<div class=\"elementor-widget-wrap elementor-element-populated\">\n\t\t\t\t\t\t<div class=\"elementor-element elementor-element-52bc5d4 elementor-nav-menu--dropdown-tablet elementor-nav-menu__text-align-aside elementor-nav-menu--toggle elementor-nav-menu--burger elementor-widget elementor-widget-nav-menu\" data-id=\"52bc5d4\" data-element_type=\"widget\" data-settings=\"{&quot;layout&quot;:&quot;vertical&quot;,&quot;submenu_icon&quot;:{&quot;value&quot;:&quot;&lt;i class=\\&quot;fas fa-caret-down\\&quot;&gt;&lt;\\\/i&gt;&quot;,&quot;library&quot;:&quot;fa-solid&quot;},&quot;toggle&quot;:&quot;burger&quot;}\" data-widget_type=\"nav-menu.default\">\n\t\t\t\t<div class=\"elementor-widget-container\">\n\t\t\t\t\t\t\t\t<nav aria-label=\"Menu\" class=\"elementor-nav-menu--main elementor-nav-menu__container elementor-nav-menu--layout-vertical e--pointer-underline e--animation-fade\">\n\t\t\t\t<ul id=\"menu-1-52bc5d4\" class=\"elementor-nav-menu sm-vertical\"><li class=\"menu-item menu-item-type-post_type menu-item-object-page menu-item-1031\"><a href=\"https:\/\/inhrr.gob.ve\/?page_id=1029\" class=\"elementor-item\">Servicios Comunidad<\/a><\/li>\n<li class=\"menu-item menu-item-type-post_type menu-item-object-page menu-item-7058\"><a href=\"https:\/\/inhrr.gob.ve\/?page_id=7056\" class=\"elementor-item\">Servicios Profesionales<\/a><\/li>\n<li class=\"menu-item menu-item-type-post_type menu-item-object-page menu-item-7059\"><a href=\"https:\/\/inhrr.gob.ve\/?page_id=7054\" class=\"elementor-item\">Servicios Industria<\/a><\/li>\n<li class=\"menu-item menu-item-type-post_type menu-item-object-page menu-item-1027\"><a href=\"https:\/\/inhrr.gob.ve\/?page_id=1025\" class=\"elementor-item\">Productos para la Comunidad<\/a><\/li>\n<li class=\"menu-item menu-item-type-post_type menu-item-object-page menu-item-7346\"><a href=\"https:\/\/inhrr.gob.ve\/?page_id=7340\" class=\"elementor-item\">Productos para Profesionales<\/a><\/li>\n<li class=\"menu-item menu-item-type-post_type menu-item-object-page menu-item-7368\"><a href=\"https:\/\/inhrr.gob.ve\/?page_id=7339\" class=\"elementor-item\">Productos para la Industria<\/a><\/li>\n<li class=\"menu-item menu-item-type-post_type menu-item-object-page menu-item-1011\"><a href=\"https:\/\/inhrr.gob.ve\/?page_id=325\" class=\"elementor-item\">R\u00e9gimen Tarifario<\/a><\/li>\n<li class=\"menu-item menu-item-type-post_type menu-item-object-page menu-item-7461\"><a href=\"https:\/\/inhrr.gob.ve\/?page_id=2794\" class=\"elementor-item\">Ir a Tr\u00e1mites<\/a><\/li>\n<\/ul>\t\t\t<\/nav>\n\t\t\t\t\t<div class=\"elementor-menu-toggle\" role=\"button\" tabindex=\"0\" aria-label=\"Menu Toggle\" aria-expanded=\"false\">\n\t\t\t<i aria-hidden=\"true\" role=\"presentation\" class=\"elementor-menu-toggle__icon--open eicon-menu-bar\"><\/i><i aria-hidden=\"true\" role=\"presentation\" class=\"elementor-menu-toggle__icon--close eicon-close\"><\/i>\t\t<\/div>\n\t\t\t\t\t<nav class=\"elementor-nav-menu--dropdown elementor-nav-menu__container\" aria-hidden=\"true\">\n\t\t\t\t<ul id=\"menu-2-52bc5d4\" class=\"elementor-nav-menu sm-vertical\"><li class=\"menu-item menu-item-type-post_type menu-item-object-page menu-item-1031\"><a href=\"https:\/\/inhrr.gob.ve\/?page_id=1029\" class=\"elementor-item\" tabindex=\"-1\">Servicios Comunidad<\/a><\/li>\n<li class=\"menu-item menu-item-type-post_type menu-item-object-page menu-item-7058\"><a href=\"https:\/\/inhrr.gob.ve\/?page_id=7056\" class=\"elementor-item\" tabindex=\"-1\">Servicios Profesionales<\/a><\/li>\n<li class=\"menu-item menu-item-type-post_type menu-item-object-page menu-item-7059\"><a href=\"https:\/\/inhrr.gob.ve\/?page_id=7054\" class=\"elementor-item\" tabindex=\"-1\">Servicios Industria<\/a><\/li>\n<li class=\"menu-item menu-item-type-post_type menu-item-object-page menu-item-1027\"><a href=\"https:\/\/inhrr.gob.ve\/?page_id=1025\" class=\"elementor-item\" tabindex=\"-1\">Productos para la Comunidad<\/a><\/li>\n<li class=\"menu-item menu-item-type-post_type menu-item-object-page menu-item-7346\"><a href=\"https:\/\/inhrr.gob.ve\/?page_id=7340\" class=\"elementor-item\" tabindex=\"-1\">Productos para Profesionales<\/a><\/li>\n<li class=\"menu-item menu-item-type-post_type menu-item-object-page menu-item-7368\"><a href=\"https:\/\/inhrr.gob.ve\/?page_id=7339\" class=\"elementor-item\" tabindex=\"-1\">Productos para la Industria<\/a><\/li>\n<li class=\"menu-item menu-item-type-post_type menu-item-object-page menu-item-1011\"><a href=\"https:\/\/inhrr.gob.ve\/?page_id=325\" class=\"elementor-item\" tabindex=\"-1\">R\u00e9gimen Tarifario<\/a><\/li>\n<li class=\"menu-item menu-item-type-post_type menu-item-object-page menu-item-7461\"><a href=\"https:\/\/inhrr.gob.ve\/?page_id=2794\" class=\"elementor-item\" tabindex=\"-1\">Ir a Tr\u00e1mites<\/a><\/li>\n<\/ul>\t\t\t<\/nav>\n\t\t\t\t\t\t<\/div>\n\t\t\t\t<\/div>\n\t\t\t\t\t<\/div>\n\t\t<\/div>\n\t\t\t\t\t<\/div>\n\t\t<\/section>\n\t\t\t\t<\/div>\n\t\t\t\t<\/div>\n\t\t\t\t\t\t<\/div>\n\t\t\t\t<\/div>\n\t\t\t\t\t<\/div>\n\t\t<\/div>\n\t\t\t\t<div class=\"elementor-column elementor-col-66 elementor-top-column elementor-element elementor-element-9297c1d\" data-id=\"9297c1d\" data-element_type=\"column\">\n\t\t\t<div class=\"elementor-widget-wrap elementor-element-populated\">\n\t\t\t\t\t\t<div class=\"elementor-element elementor-element-4c350ca elementor-widget elementor-widget-heading\" data-id=\"4c350ca\" data-element_type=\"widget\" data-widget_type=\"heading.default\">\n\t\t\t\t<div class=\"elementor-widget-container\">\n\t\t\t\t\t<h2 class=\"elementor-heading-title elementor-size-default\">Examen Cl\u00ednico Citohistopatol\u00f3gico (Veterinario)<\/h2>\t\t\t\t<\/div>\n\t\t\t\t<\/div>\n\t\t\t\t<div class=\"elementor-element elementor-element-2e7c0d7 elementor-tabs-alignment-stretch elementor-tabs-view-horizontal elementor-widget elementor-widget-tabs\" data-id=\"2e7c0d7\" data-element_type=\"widget\" data-widget_type=\"tabs.default\">\n\t\t\t\t<div class=\"elementor-widget-container\">\n\t\t\t\t\t\t\t<div class=\"elementor-tabs\">\n\t\t\t<div class=\"elementor-tabs-wrapper\" role=\"tablist\" >\n\t\t\t\t\t\t\t\t\t<div id=\"elementor-tab-title-4871\" class=\"elementor-tab-title elementor-tab-desktop-title\" aria-selected=\"true\" data-tab=\"1\" role=\"tab\" tabindex=\"0\" aria-controls=\"elementor-tab-content-4871\" aria-expanded=\"false\">QUIENES SOMOS <\/div>\n\t\t\t\t\t\t\t\t\t<div id=\"elementor-tab-title-4872\" class=\"elementor-tab-title elementor-tab-desktop-title\" aria-selected=\"false\" data-tab=\"2\" role=\"tab\" tabindex=\"-1\" aria-controls=\"elementor-tab-content-4872\" aria-expanded=\"false\">NORMAS<\/div>\n\t\t\t\t\t\t\t\t\t<div id=\"elementor-tab-title-4873\" class=\"elementor-tab-title elementor-tab-desktop-title\" aria-selected=\"false\" data-tab=\"3\" role=\"tab\" tabindex=\"-1\" aria-controls=\"elementor-tab-content-4873\" aria-expanded=\"false\">RECEPCI\u00d3N DE MUESTRAS<\/div>\n\t\t\t\t\t\t\t\t\t<div id=\"elementor-tab-title-4874\" class=\"elementor-tab-title elementor-tab-desktop-title\" aria-selected=\"false\" data-tab=\"4\" role=\"tab\" tabindex=\"-1\" aria-controls=\"elementor-tab-content-4874\" aria-expanded=\"false\">FORMULARIO<\/div>\n\t\t\t\t\t\t\t\t\t<div id=\"elementor-tab-title-4875\" class=\"elementor-tab-title elementor-tab-desktop-title\" aria-selected=\"false\" data-tab=\"5\" role=\"tab\" tabindex=\"-1\" aria-controls=\"elementor-tab-content-4875\" aria-expanded=\"false\">CONTACTANOS<\/div>\n\t\t\t\t\t\t\t<\/div>\n\t\t\t<div class=\"elementor-tabs-content-wrapper\" role=\"tablist\" aria-orientation=\"vertical\">\n\t\t\t\t\t\t\t\t\t<div class=\"elementor-tab-title elementor-tab-mobile-title\" aria-selected=\"true\" data-tab=\"1\" role=\"tab\" tabindex=\"0\" aria-controls=\"elementor-tab-content-4871\" aria-expanded=\"false\">QUIENES SOMOS <\/div>\n\t\t\t\t\t<div id=\"elementor-tab-content-4871\" class=\"elementor-tab-content elementor-clearfix\" data-tab=\"1\" role=\"tabpanel\" aria-labelledby=\"elementor-tab-title-4871\" tabindex=\"0\" hidden=\"false\"><p>La Direcci\u00f3n General de Producci\u00f3n, es la encargada de producir insumos esenciales y prestar los servicios b\u00e1sicos para la operatividad diaria de las Direcciones Estrat\u00e9gicas de la instituci\u00f3n e instituciones afines, que llevan a cabo el diagn\u00f3stico y vigilancia epidemiol\u00f3gica de enfermedades transmisibles, el registro y control de alimentos y medicamentos, as\u00ed como actividades de investigaci\u00f3n y desarrollo, bajo la acci\u00f3n conjunta de cinco direcciones de l\u00ednea.<\/p><p>Correspondi\u00e9ndole a la Direcci\u00f3n de Animales de Laboratorio, prestar el servicio de anatom\u00eda patol\u00f3gica veterinaria mediante el an\u00e1lisis de c\u00e9lulas y tejidos de animales vivos o fallecidos para el diagn\u00f3stico e investigaci\u00f3n causal de enfermedad o muerte.<\/p><\/div>\n\t\t\t\t\t\t\t\t\t<div class=\"elementor-tab-title elementor-tab-mobile-title\" aria-selected=\"false\" data-tab=\"2\" role=\"tab\" tabindex=\"-1\" aria-controls=\"elementor-tab-content-4872\" aria-expanded=\"false\">NORMAS<\/div>\n\t\t\t\t\t<div id=\"elementor-tab-content-4872\" class=\"elementor-tab-content elementor-clearfix\" data-tab=\"2\" role=\"tabpanel\" aria-labelledby=\"elementor-tab-title-4872\" tabindex=\"0\" hidden=\"hidden\"><p>El proceso de recepci\u00f3n de solicitudes y entrega de productos y servicios se debe realizar siguiendo las normas a continuaci\u00f3n:<\/p><p>Todo usuario debe revisar la lista de productos ofertados por las Direcciones adscritas a la Direcci\u00f3n General de Producci\u00f3n que se encuentra en la p\u00e1gina Web de INHRR.<\/p><p>Forma de pago: transferencia electr\u00f3nica (Banco de Venezuela \u2013 Banco de Venezuela), a la cuenta corriente N\u00ba 01020132290000023650 del Banco de Venezuela a nombre del Instituto Nacional de Higiene \u201cRafael Rangel\u201d Rif G-20000101-1.<\/p><p>Todo usuario debe presentar comprobante de pago al momento de retirar sus productos o servicios.<\/p><p>Dependiendo del producto o servicio a solicitar, el usuario debe cumplir con lo siguiente:<\/p><\/div>\n\t\t\t\t\t\t\t\t\t<div class=\"elementor-tab-title elementor-tab-mobile-title\" aria-selected=\"false\" data-tab=\"3\" role=\"tab\" tabindex=\"-1\" aria-controls=\"elementor-tab-content-4873\" aria-expanded=\"false\">RECEPCI\u00d3N DE MUESTRAS<\/div>\n\t\t\t\t\t<div id=\"elementor-tab-content-4873\" class=\"elementor-tab-content elementor-clearfix\" data-tab=\"3\" role=\"tabpanel\" aria-labelledby=\"elementor-tab-title-4873\" tabindex=\"0\" hidden=\"hidden\"><p>Toda muestra de animales vivos, muertos y biol\u00f3gicos (\u00f3rgano y tejido), debe venir acompa\u00f1ada del formulario F-PEGP-002. Solicitud de Examen Cl\u00ednico Citohistopatologico.<\/p><p>Toda muestra debe ser consignada en el Laboratorio de Necropsia, ubicado en el piso 2 del edificio sede del Instituto Nacional de Higiene \u201cRafael Rangel\u201d de lunes a viernes, en horario comprendido entre 7:15 am a 12:00 m.<\/p><p><strong>Modelo animal vivo:<\/strong><\/p><p>Los modelos de animales vivos deben estar identificados y con informaci\u00f3n descriptiva del mismo (especie, edad, sexo y peso).<\/p><p>Todo usuario que requiera el servicio sobre un modelo animal vivo, debe traerlo en su respectiva jaula.<\/p><p><strong>Modelo animal (cad\u00e1veres)<\/strong><\/p><p>Todo usuario debe traer el modelo animal muerto con un tiempo no mayor de una hora de su fallecimiento, ubicado en contenedor que preserve la integridad del cad\u00e1ver. Bajo ning\u00fan concepto el animal debe ser congelado.<\/p><p>El contenedor debe estar identificado con la informaci\u00f3n descriptiva del mismo: especie, edad, sexo y peso.<\/p><p>No se recibir\u00e1n cad\u00e1veres que no cumplan los pasos descritos en los \u00edtems 1.8, 1.12 y 1.13.<\/p><p><strong>Muestra biol\u00f3gica (\u00f3rgano y\/o tejido)<\/strong><\/p><p>Todo usuario debe traer la muestra en soluci\u00f3n fijadora (Buffer Formalina al 10%), en una proporci\u00f3n de 1:10 (el volumen de fijador debe ser 10 veces el tama\u00f1o de la muestra).<\/p><p>El recipiente en el que se realice la fijaci\u00f3n debe tener boca ancha y estar rotulado con la informaci\u00f3n b\u00e1sica (tipo de muestra, especie, edad y sexo).<\/p><p>La muestra y la soluci\u00f3n fijadora deben estar en buen estado al momento de su recepci\u00f3n.<\/p><p>No se recibir\u00e1n muestras biol\u00f3gicas que no cumplan lo descrito en los \u00edtems 1.8, 1.15 y 1.17.<\/p><\/div>\n\t\t\t\t\t\t\t\t\t<div class=\"elementor-tab-title elementor-tab-mobile-title\" aria-selected=\"false\" data-tab=\"4\" role=\"tab\" tabindex=\"-1\" aria-controls=\"elementor-tab-content-4874\" aria-expanded=\"false\">FORMULARIO<\/div>\n\t\t\t\t\t<div id=\"elementor-tab-content-4874\" class=\"elementor-tab-content elementor-clearfix\" data-tab=\"4\" role=\"tabpanel\" aria-labelledby=\"elementor-tab-title-4874\" tabindex=\"0\" hidden=\"hidden\"><p><a href=\"https:\/\/inhrr.gob.ve\/wp-content\/uploads\/2022\/11\/F-PEGP-002R0-cito-VALIDADO.doc\" target=\"_blank\" rel=\"noopener\">F-PEGP-002<\/a><\/p><\/div>\n\t\t\t\t\t\t\t\t\t<div class=\"elementor-tab-title elementor-tab-mobile-title\" aria-selected=\"false\" data-tab=\"5\" role=\"tab\" tabindex=\"-1\" aria-controls=\"elementor-tab-content-4875\" aria-expanded=\"false\">CONTACTANOS<\/div>\n\t\t\t\t\t<div id=\"elementor-tab-content-4875\" class=\"elementor-tab-content elementor-clearfix\" data-tab=\"5\" role=\"tabpanel\" aria-labelledby=\"elementor-tab-title-4875\" tabindex=\"0\" hidden=\"hidden\"><p>correo electr\u00f3nico dproduccioninhrr@gmail.com o por el n\u00famero telef\u00f3nico 0212- 2191715\/1717\/1732<\/p><\/div>\n\t\t\t\t\t\t\t<\/div>\n\t\t<\/div>\n\t\t\t\t\t\t<\/div>\n\t\t\t\t<\/div>\n\t\t\t\t\t<\/div>\n\t\t<\/div>\n\t\t\t\t\t<\/div>\n\t\t<\/section>\n\t\t\t\t<\/div>\n\t\t","protected":false},"excerpt":{"rendered":"<p>Examen Cl\u00ednico Citohistopatol\u00f3gico (Veterinario) QUIENES SOMOS NORMAS RECEPCI\u00d3N DE MUESTRAS FORMULARIO CONTACTANOS QUIENES SOMOS La Direcci\u00f3n General de Producci\u00f3n, es la encargada de producir insumos esenciales y prestar los servicios b\u00e1sicos para la operatividad diaria de las Direcciones Estrat\u00e9gicas de la instituci\u00f3n e instituciones afines, que llevan a cabo el diagn\u00f3stico y vigilancia epidemiol\u00f3gica de &#8230; <a title=\"Examen Cl\u00ednico Citohistopatol\u00f3gico (Veterinario)\" class=\"read-more\" href=\"https:\/\/inhrr.gob.ve\/?page_id=6989\" aria-label=\"Leer m\u00e1s sobre Examen Cl\u00ednico Citohistopatol\u00f3gico (Veterinario)\">Leer m\u00e1s<\/a><\/p>\n","protected":false},"author":1,"featured_media":0,"parent":0,"menu_order":0,"comment_status":"closed","ping_status":"closed","template":"","meta":{"footnotes":""},"class_list":["post-6989","page","type-page","status-publish"],"_links":{"self":[{"href":"https:\/\/inhrr.gob.ve\/index.php?rest_route=\/wp\/v2\/pages\/6989","targetHints":{"allow":["GET"]}}],"collection":[{"href":"https:\/\/inhrr.gob.ve\/index.php?rest_route=\/wp\/v2\/pages"}],"about":[{"href":"https:\/\/inhrr.gob.ve\/index.php?rest_route=\/wp\/v2\/types\/page"}],"author":[{"embeddable":true,"href":"https:\/\/inhrr.gob.ve\/index.php?rest_route=\/wp\/v2\/users\/1"}],"replies":[{"embeddable":true,"href":"https:\/\/inhrr.gob.ve\/index.php?rest_route=%2Fwp%2Fv2%2Fcomments&post=6989"}],"version-history":[{"count":34,"href":"https:\/\/inhrr.gob.ve\/index.php?rest_route=\/wp\/v2\/pages\/6989\/revisions"}],"predecessor-version":[{"id":7688,"href":"https:\/\/inhrr.gob.ve\/index.php?rest_route=\/wp\/v2\/pages\/6989\/revisions\/7688"}],"wp:attachment":[{"href":"https:\/\/inhrr.gob.ve\/index.php?rest_route=%2Fwp%2Fv2%2Fmedia&parent=6989"}],"curies":[{"name":"wp","href":"https:\/\/api.w.org\/{rel}","templated":true}]}}