{"id":7286,"date":"2022-11-16T18:15:35","date_gmt":"2022-11-16T22:15:35","guid":{"rendered":"http:\/\/172.16.0.115\/?page_id=7286"},"modified":"2022-11-16T18:21:43","modified_gmt":"2022-11-16T22:21:43","slug":"reporte-de-defectos-de-calidad-de-productos-de-uso-y-consumo-humano-profesionales","status":"publish","type":"page","link":"https:\/\/inhrr.gob.ve\/?page_id=7286","title":{"rendered":"Reporte de Defectos de Calidad de Productos de Uso y Consumo Humano\u200b &#8211; Profesionales"},"content":{"rendered":"\t\t<div data-elementor-type=\"wp-page\" data-elementor-id=\"7286\" class=\"elementor elementor-7286\" data-elementor-post-type=\"page\">\n\t\t\t\t\t\t<section class=\"elementor-section elementor-top-section elementor-element elementor-element-88d52d8 elementor-section-boxed elementor-section-height-default elementor-section-height-default\" data-id=\"88d52d8\" data-element_type=\"section\">\n\t\t\t\t\t\t<div class=\"elementor-container elementor-column-gap-default\">\n\t\t\t\t\t<div class=\"elementor-column elementor-col-100 elementor-top-column elementor-element elementor-element-6085216\" data-id=\"6085216\" data-element_type=\"column\">\n\t\t\t<div class=\"elementor-widget-wrap elementor-element-populated\">\n\t\t\t\t\t\t<div class=\"elementor-element elementor-element-fd4ebab elementor-widget elementor-widget-heading\" data-id=\"fd4ebab\" data-element_type=\"widget\" data-widget_type=\"heading.default\">\n\t\t\t\t<div class=\"elementor-widget-container\">\n\t\t\t\t\t<h2 class=\"elementor-heading-title elementor-size-default\">Reporte de Defectos de Calidad de Productos de Uso y Consumo Humano<\/h2>\t\t\t\t<\/div>\n\t\t\t\t<\/div>\n\t\t\t\t<div class=\"elementor-element elementor-element-e3a21ea elementor-widget elementor-widget-text-editor\" data-id=\"e3a21ea\" data-element_type=\"widget\" data-widget_type=\"text-editor.default\">\n\t\t\t\t<div class=\"elementor-widget-container\">\n\t\t\t\t\t\t\t\t\t<p>Las sospechas de defectos de calidad deben informarse a la Direcci\u00f3n de Vigilancia Sanitaria adscrita a la Direcci\u00f3n General de Regulaci\u00f3n Sanitaria de Productos de Uso y Consumo Humano del INHRR, seg\u00fan la opci\u00f3n de su preferencia:<\/p>\t\t\t\t\t\t\t\t<\/div>\n\t\t\t\t<\/div>\n\t\t\t\t\t<\/div>\n\t\t<\/div>\n\t\t\t\t\t<\/div>\n\t\t<\/section>\n\t\t\t\t<section class=\"elementor-section elementor-top-section elementor-element elementor-element-821cf37 elementor-section-boxed elementor-section-height-default elementor-section-height-default\" data-id=\"821cf37\" data-element_type=\"section\">\n\t\t\t\t\t\t<div class=\"elementor-container elementor-column-gap-default\">\n\t\t\t\t\t<div class=\"elementor-column elementor-col-33 elementor-top-column elementor-element elementor-element-3a6a680\" data-id=\"3a6a680\" data-element_type=\"column\">\n\t\t\t<div class=\"elementor-widget-wrap elementor-element-populated\">\n\t\t\t\t\t\t<div class=\"elementor-element elementor-element-3374dcb elementor-position-block-start elementor-hidden-desktop elementor-hidden-tablet elementor-hidden-mobile elementor-view-default elementor-mobile-position-block-start elementor-widget elementor-widget-icon-box\" data-id=\"3374dcb\" data-element_type=\"widget\" data-widget_type=\"icon-box.default\">\n\t\t\t\t<div class=\"elementor-widget-container\">\n\t\t\t\t\t\t\t<div class=\"elementor-icon-box-wrapper\">\n\n\t\t\t\t\t\t<div class=\"elementor-icon-box-icon\">\n\t\t\t\t<a href=\"http:\/\/172.16.0.115\/fichasfarma\/formweb\/reporte_defecto_prod1_particular.php\" class=\"elementor-icon elementor-animation-grow\" tabindex=\"-1\" aria-label=\"Reporte de Defectos de Calidad del Productos del P\u00fablico en General\">\n\t\t\t\t<svg xmlns=\"http:\/\/www.w3.org\/2000\/svg\" width=\"411.000000pt\" height=\"254.000000pt\" viewBox=\"0 0 411.000000 254.000000\" preserveAspectRatio=\"xMidYMid meet\"><g transform=\"translate(0.000000,254.000000) scale(0.100000,-0.100000)\" fill=\"#000000\" stroke=\"none\"><path d=\"M1070 2534 c-388 -48 -742 -301 -921 -657 -104 -207 -142 -367 -143 -602 -1 -235 32 -380 134 -590 164 -338 472 -586 823 -660 251 -54 555 -9 782 115 117 65 142 116 89 179 -35 42 -66 40 -151 -9 -134 -78 -333 -130 -491 -130 -200 1 -417 75 -583 200 -197 147 -337 362 -407 620 -23 85 -25 114 -25 270 0 157 2 185 25 270 60 219 157 388 302 528 130 124 251 198 408 246 205 64 391 61 599 -9 167 -56 321 -158 437 -290 l42 -48 0 -913 0 -914 1060 0 1060 0 0 1130 0 1130 -1060 0 -1060 0 0 -85 0 -86 -83 64 c-145 110 -308 186 -482 223 -70 15 -289 26 -355 18z m2602 -251 c142 -80 199 -273 124 -421 -113 -222 -401 -228 -522 -10 -27 49 -29 61 -29 153 0 85 3 106 23 142 63 120 157 175 284 169 51 -2 79 -10 120 -33z m-682 -64 c94 -42 134 -107 135 -215 0 -61 -4 -77 -30 -120 -19 -30 -49 -60 -79 -79 -101 -62 -224 -28 -291 79 -26 43 -30 59 -30 120 1 83 25 139 80 183 69 55 141 66 215 32z m-510 -85 c158 -79 121 -328 -53 -360 -51 -9 -117 17 -156 62 -60 67 -64 169 -11 243 54 74 140 96 220 55z m5 -475 c56 -14 126 -75 155 -134 l21 -44 47 33 c69 49 125 67 205 67 97 0 174 -38 255 -126 l60 -65 50 34 c84 56 141 71 272 71 98 0 124 -4 175 -24 74 -30 179 -131 220 -211 54 -105 55 -118 55 -617 l0 -463 -465 0 -465 0 0 210 0 210 -235 0 -235 0 0 125 0 125 -236 0 -235 0 3 303 c3 294 4 303 27 355 27 60 102 133 153 149 45 15 120 15 173 2z\"><\/path><path d=\"M887 1713 c-232 -141 -243 -150 -263 -220 -30 -101 -14 -155 108 -378 221 -401 262 -473 286 -498 14 -15 50 -39 79 -54 68 -33 113 -28 196 23 337 204 347 211 373 281 20 51 15 135 -12 200 -18 44 -22 45 -67 11 -17 -13 -17 -17 -3 -72 20 -76 9 -126 -37 -159 -70 -52 -355 -217 -374 -217 -27 0 -80 37 -114 80 -15 19 -71 116 -125 215 -53 99 -125 233 -160 297 -70 130 -87 182 -73 232 12 44 33 62 189 157 74 45 149 90 165 100 17 11 47 19 68 19 32 0 45 -8 88 -50 l51 -51 34 22 34 21 -26 37 c-15 20 -47 52 -72 71 -37 29 -54 35 -106 38 l-61 3 -178 -108z\"><\/path><path d=\"M1446 1680 c-37 -7 -59 -18 -85 -45 l-36 -35 -2 -179 -1 -179 -36 -81 c-62 -141 -50 -143 122 -21 l127 90 133 0 c149 0 182 9 225 59 26 32 27 36 27 164 0 113 -3 137 -20 164 -35 58 -66 67 -245 69 -88 2 -182 -1 -209 -6z m117 -178 c39 -34 4 -112 -50 -112 -52 0 -84 78 -45 112 33 29 60 29 95 0z m235 3 c20 -18 18 -72 -3 -95 -38 -42 -105 -14 -105 44 1 65 62 95 108 51z\"><\/path><path d=\"M1025 1489 c-60 -38 -136 -83 -167 -101 -41 -23 -58 -39 -58 -53 1 -24 23 -55 39 -55 13 0 71 33 211 120 47 29 97 60 112 69 16 9 28 25 28 36 -1 25 -23 55 -41 54 -8 0 -63 -32 -124 -70z\"><\/path><path d=\"M1081 1190 c-52 -33 -99 -61 -105 -63 -15 -5 20 -77 37 -77 8 0 40 17 73 38 32 21 78 49 102 62 23 13 42 26 42 29 0 12 -40 71 -47 71 -5 0 -50 -27 -102 -60z\"><\/path><path d=\"M1285 959 c-88 -55 -166 -106 -173 -113 -12 -11 -11 -19 2 -45 20 -37 28 -37 83 -3 24 15 93 58 155 96 135 82 148 93 141 114 -7 20 -34 52 -42 51 -3 0 -78 -45 -166 -100z\"><\/path><\/g><\/svg>\t\t\t\t<\/a>\n\t\t\t<\/div>\n\t\t\t\n\t\t\t\t\t\t<div class=\"elementor-icon-box-content\">\n\n\t\t\t\t\t\t\t\t\t<h3 class=\"elementor-icon-box-title\">\n\t\t\t\t\t\t<a href=\"http:\/\/172.16.0.115\/fichasfarma\/formweb\/reporte_defecto_prod1_particular.php\" >\n\t\t\t\t\t\t\tReporte de Defectos de Calidad del Productos del P\u00fablico en General\t\t\t\t\t\t<\/a>\n\t\t\t\t\t<\/h3>\n\t\t\t\t\n\t\t\t\t\n\t\t\t<\/div>\n\t\t\t\n\t\t<\/div>\n\t\t\t\t\t\t<\/div>\n\t\t\t\t<\/div>\n\t\t\t\t\t<\/div>\n\t\t<\/div>\n\t\t\t\t<div class=\"elementor-column elementor-col-33 elementor-top-column elementor-element elementor-element-bf2c9b9 botonR\" data-id=\"bf2c9b9\" data-element_type=\"column\">\n\t\t\t<div class=\"elementor-widget-wrap elementor-element-populated\">\n\t\t\t\t\t\t<div class=\"elementor-element elementor-element-ab6639e elementor-position-block-start elementor-view-default elementor-mobile-position-block-start elementor-widget elementor-widget-icon-box\" data-id=\"ab6639e\" data-element_type=\"widget\" data-widget_type=\"icon-box.default\">\n\t\t\t\t<div class=\"elementor-widget-container\">\n\t\t\t\t\t\t\t<div class=\"elementor-icon-box-wrapper\">\n\n\t\t\t\t\t\t<div class=\"elementor-icon-box-icon\">\n\t\t\t\t<a href=\"http:\/\/172.16.0.115\/fichasfarma\/formweb\/reporte_defecto_prod1_profesional.php\" class=\"elementor-icon elementor-animation-grow\" tabindex=\"-1\" aria-label=\"Reporte de Defectos de Calidad de Productos de los Profesionales de la Salud\">\n\t\t\t\t<svg xmlns=\"http:\/\/www.w3.org\/2000\/svg\" width=\"345.000000pt\" height=\"335.000000pt\" viewBox=\"0 0 345.000000 335.000000\" preserveAspectRatio=\"xMidYMid meet\"><g transform=\"translate(0.000000,335.000000) scale(0.100000,-0.100000)\" fill=\"#000000\" stroke=\"none\"><path d=\"M1225 3305 c-43 -17 -75 -40 -112 -80 l-52 -55 -471 0 -470 0 0 -1575 0 -1575 1225 0 1225 0 2 212 3 213 176 5 c174 5 176 5 225 35 94 58 134 150 134 309 l0 83 46 13 c61 17 152 77 187 123 150 197 83 470 -141 575 -49 23 -70 27 -152 27 -83 0 -102 -3 -151 -28 -84 -41 -143 -98 -181 -175 -30 -61 -33 -74 -33 -162 0 -88 3 -101 33 -162 49 -100 154 -185 253 -205 l29 -5 0 -96 c0 -115 -21 -168 -78 -204 -34 -21 -48 -23 -192 -23 l-155 0 -3 1308 -2 1307 -469 0 -469 0 -59 58 c-100 101 -223 128 -348 77z m170 -86 c55 -15 102 -53 138 -111 l30 -48 103 0 104 0 0 -105 0 -105 -425 0 -425 0 0 105 0 105 105 0 104 0 17 33 c33 64 91 111 159 128 43 10 46 10 90 -2z m-585 -209 l0 -50 -240 0 -240 0 0 -1365 0 -1365 1013 2 1012 3 5 105 5 105 50 0 50 0 0 -160 0 -160 -1117 -1 -1118 0 0 1468 0 1468 290 0 290 0 0 -50z m1658 -1202 l-3 -1253 -50 0 -50 0 -3 1203 -2 1202 -240 0 -240 0 0 50 0 50 295 0 295 0 -2 -1252z m-1656 990 l3 -53 533 -3 532 -2 0 55 0 55 185 0 185 0 0 -1150 0 -1151 -367 3 c-408 3 -413 4 -453 71 l-20 32 368 5 367 5 3 343 2 342 -375 0 -375 0 0 59 0 58 54 7 c139 16 278 89 387 204 152 158 205 316 197 576 -3 101 -7 128 -26 163 -24 46 -72 88 -113 98 -15 4 -33 20 -44 41 -10 19 -35 44 -54 57 -33 20 -48 22 -191 22 l-155 0 -3 -157 -3 -158 156 0 c171 0 193 5 238 60 30 35 50 32 72 -11 21 -39 21 -274 0 -353 -68 -260 -306 -446 -570 -446 -159 0 -298 60 -415 179 -127 129 -170 244 -170 463 0 140 8 171 51 194 42 21 62 17 81 -16 35 -61 66 -70 241 -70 l157 0 0 160 0 160 -143 0 c-128 0 -147 -2 -187 -22 -25 -13 -54 -37 -65 -55 -15 -24 -27 -32 -49 -33 -76 -1 -163 -74 -186 -156 -17 -60 -7 -318 15 -399 51 -184 194 -355 366 -439 66 -32 119 -50 172 -58 l78 -13 -3 -55 -3 -55 -367 -3 -368 -2 0 -345 0 -345 373 0 374 0 11 -38 c16 -54 73 -116 134 -146 l52 -26 378 0 378 0 0 -55 0 -55 -905 0 -905 0 0 1255 0 1255 184 0 185 0 3 -52z m373 -313 c2 -65 1 -65 -91 -65 -71 0 -87 3 -104 20 -24 24 -25 47 -3 72 14 16 29 18 107 16 l90 -3 1 -40z m569 29 c21 -20 20 -53 -1 -76 -13 -15 -32 -18 -105 -18 l-88 0 0 55 0 55 89 0 c68 0 93 -4 105 -16z m1432 -1035 c178 -110 174 -364 -8 -465 -46 -25 -63 -29 -128 -28 -82 0 -115 13 -176 67 -100 87 -113 252 -28 364 71 94 239 125 340 62z m-1896 -469 l0 -240 -320 0 -320 0 0 240 0 240 320 0 320 0 0 -240z m750 0 l0 -240 -320 0 -320 0 0 240 0 240 320 0 320 0 0 -240z\"><\/path><path d=\"M2995 1396 c-75 -33 -118 -114 -97 -185 32 -105 135 -150 232 -101 75 38 104 151 57 221 -25 38 -97 79 -137 79 -14 -1 -38 -7 -55 -14z m100 -120 c19 -28 9 -58 -25 -76 -46 -24 -90 41 -55 80 25 27 61 25 80 -4z\"><\/path><path d=\"M1507 973 c-4 -7 -3 -69 2 -95 0 -5 48 -8 106 -8 l105 0 0 55 0 55 -104 0 c-58 0 -107 -3 -109 -7z\"><\/path><path d=\"M1828 968 c-4 -11 -3 -56 1 -88 0 -5 24 -10 51 -10 l50 0 0 55 0 55 -49 0 c-30 0 -50 -5 -53 -12z\"><\/path><path d=\"M2946 3171 l-106 -140 0 -568 c0 -532 2 -571 19 -608 64 -137 238 -168 345 -60 65 65 66 74 66 684 l0 546 -101 135 c-56 74 -105 139 -109 143 -4 5 -56 -54 -114 -132z m153 -96 c22 -30 41 -57 41 -60 0 -3 -40 -5 -90 -5 l-90 0 43 59 c23 33 45 60 48 60 4 1 25 -24 48 -54z m61 -465 l0 -290 -105 0 -105 0 0 290 0 290 105 0 105 0 0 -290z m0 -455 l0 -55 -105 0 -105 0 0 55 0 55 105 0 105 0 0 -55z m-2 -194 c10 -103 -107 -163 -179 -92 -24 25 -29 37 -29 81 l0 51 103 -3 102 -3 3 -34z\"><\/path><\/g><\/svg>\t\t\t\t<\/a>\n\t\t\t<\/div>\n\t\t\t\n\t\t\t\t\t\t<div class=\"elementor-icon-box-content\">\n\n\t\t\t\t\t\t\t\t\t<h3 class=\"elementor-icon-box-title\">\n\t\t\t\t\t\t<a href=\"http:\/\/172.16.0.115\/fichasfarma\/formweb\/reporte_defecto_prod1_profesional.php\" >\n\t\t\t\t\t\t\tReporte de Defectos de Calidad de Productos de los Profesionales de la Salud\t\t\t\t\t\t<\/a>\n\t\t\t\t\t<\/h3>\n\t\t\t\t\n\t\t\t\t\n\t\t\t<\/div>\n\t\t\t\n\t\t<\/div>\n\t\t\t\t\t\t<\/div>\n\t\t\t\t<\/div>\n\t\t\t\t\t<\/div>\n\t\t<\/div>\n\t\t\t\t<div class=\"elementor-column elementor-col-33 elementor-top-column elementor-element elementor-element-ea6b45a\" data-id=\"ea6b45a\" data-element_type=\"column\">\n\t\t\t<div class=\"elementor-widget-wrap elementor-element-populated\">\n\t\t\t\t\t\t<div class=\"elementor-element elementor-element-0401099 elementor-position-block-start elementor-hidden-desktop elementor-hidden-tablet elementor-hidden-mobile elementor-view-default elementor-mobile-position-block-start elementor-widget elementor-widget-icon-box\" data-id=\"0401099\" data-element_type=\"widget\" data-widget_type=\"icon-box.default\">\n\t\t\t\t<div class=\"elementor-widget-container\">\n\t\t\t\t\t\t\t<div class=\"elementor-icon-box-wrapper\">\n\n\t\t\t\t\t\t<div class=\"elementor-icon-box-icon\">\n\t\t\t\t<a href=\"http:\/\/172.16.0.115\/fichasfarma\/formweb\/reporte_defecto_prod1_industrial.php\" class=\"elementor-icon elementor-animation-grow\" tabindex=\"-1\" aria-label=\"Reporte de Defectos de Calidad de la Industria\">\n\t\t\t\t<svg xmlns=\"http:\/\/www.w3.org\/2000\/svg\" width=\"336.000000pt\" height=\"260.000000pt\" viewBox=\"0 0 336.000000 260.000000\" preserveAspectRatio=\"xMidYMid meet\"><g transform=\"translate(0.000000,260.000000) scale(0.100000,-0.100000)\" fill=\"#000000\" stroke=\"none\"><path d=\"M1470 2563 c-1 -72 -58 -994 -62 -998 -3 -3 -107 71 -231 165 -125 93 -229 170 -232 170 -3 0 -5 -70 -5 -155 l0 -155 -207 156 -208 155 -3 -155 -3 -156 -197 148 c-108 82 -203 152 -209 156 -10 6 -13 -182 -13 -923 l0 -931 900 0 900 0 -1 568 c0 542 -2 598 -42 1272 l-42 705 -172 3 -173 2 0 -27z m244 -185 c3 -29 17 -255 31 -503 14 -247 28 -483 31 -523 l6 -73 -132 98 -132 98 5 80 c3 44 16 259 28 478 l23 397 67 0 68 0 5 -52z m-1282 -901 l197 -147 3 156 3 155 206 -155 c114 -85 210 -152 213 -149 3 4 6 73 6 155 l0 148 365 -272 364 -273 -2 -450 -2 -450 -52 -3 -53 -3 -2 403 -3 403 -197 3 -198 2 -2 -402 -3 -403 -530 0 -530 0 0 105 0 105 478 3 477 2 -2 293 -3 292 -477 3 -478 2 0 321 c0 256 3 319 13 312 6 -6 101 -76 209 -156z m623 -777 l0 -135 -422 -3 -423 -2 0 140 0 140 423 -2 422 -3 0 -135z m510 -185 l0 -320 -85 0 -85 0 -3 323 -2 323 87 -3 88 -3 0 -320z\"><\/path><path d=\"M2542 1865 c-25 -21 -40 -25 -95 -25 -58 0 -67 -3 -93 -29 -29 -29 -29 -29 -167 -33 l-139 -3 -34 -37 -34 -38 0 -767 c0 -590 3 -774 13 -792 6 -13 25 -34 40 -45 28 -21 37 -21 600 -24 540 -2 574 -1 606 16 19 10 43 34 53 53 17 32 18 76 18 784 0 694 -1 753 -18 785 -28 57 -67 70 -209 70 l-121 0 -30 30 c-27 27 -37 30 -92 30 -52 0 -67 4 -92 25 -26 22 -39 25 -103 25 -64 0 -77 -3 -103 -25z m173 -56 c28 -26 37 -29 102 -29 81 0 83 -2 83 -85 0 -32 -5 -57 -14 -64 -9 -8 -85 -11 -252 -9 l-239 3 0 75 0 75 78 5 c62 4 81 9 89 23 14 26 68 48 98 41 14 -3 39 -19 55 -35z m-387 -121 l-3 -33 -99 -3 c-55 -1 -106 -8 -113 -14 -19 -15 -19 -1396 0 -1421 11 -16 52 -17 537 -15 l525 3 0 720 0 720 -107 3 -108 3 0 34 0 35 124 0 c123 0 125 0 145 -26 21 -26 21 -33 21 -771 l0 -744 -25 -25 -25 -24 -566 2 c-547 3 -566 4 -580 22 -12 17 -14 139 -14 777 l0 758 22 15 c17 12 50 16 146 16 l123 0 -3 -32z m46 -113 c28 -22 499 -21 536 0 17 9 56 14 118 15 l92 0 0 -665 0 -665 -480 0 -480 0 0 665 0 665 98 0 c69 -1 103 -5 116 -15z\"><\/path><path d=\"M2620 1765 c-11 -13 -11 -19 3 -32 21 -21 49 -9 45 19 -4 28 -30 35 -48 13z\"><\/path><path d=\"M2276 1325 c-24 -25 -9 -45 35 -45 34 0 39 3 39 24 0 36 -46 49 -74 21z\"><\/path><path d=\"M2436 1327 c-11 -8 -15 -19 -10 -30 6 -16 31 -17 295 -17 249 0 290 2 295 15 4 8 1 22 -6 30 -10 13 -56 15 -284 15 -205 0 -276 -3 -290 -13z\"><\/path><path d=\"M2270 1166 c-19 -24 5 -48 44 -44 26 2 31 7 31 28 0 21 -5 26 -31 28 -19 2 -36 -3 -44 -12z\"><\/path><path d=\"M2431 1166 c-6 -7 -9 -21 -5 -30 6 -15 35 -16 297 -14 276 3 292 4 295 22 2 10 -2 22 -10 27 -7 5 -137 9 -289 9 -222 0 -279 -3 -288 -14z\"><\/path><path d=\"M2270 1005 c-10 -12 -10 -18 0 -30 21 -25 40 -18 40 15 0 33 -19 40 -40 15z\"><\/path><path d=\"M2579 977 c-69 -29 -107 -55 -149 -104 -77 -87 -108 -225 -76 -336 16 -56 17 -57 52 -57 31 0 35 3 29 18 -5 9 -15 43 -24 74 -19 69 -7 145 35 215 l26 45 177 -176 c176 -176 176 -176 221 -176 l45 0 -200 200 -199 199 68 32 c62 29 73 31 149 27 129 -7 212 -60 267 -170 24 -50 30 -74 30 -128 0 -37 -7 -87 -15 -110 -19 -54 -20 -50 15 -50 35 0 47 18 61 95 28 152 -61 319 -208 392 -48 23 -72 28 -153 31 -82 2 -103 -1 -151 -21z\"><\/path><path d=\"M2270 845 c-10 -12 -10 -18 0 -30 21 -25 40 -18 40 15 0 33 -19 40 -40 15z\"><\/path><path d=\"M2267 688 c-6 -19 11 -48 28 -48 10 0 15 10 15 30 0 23 -5 30 -19 30 -11 0 -21 -6 -24 -12z\"><\/path><path d=\"M2268 528 c-8 -21 2 -38 23 -38 14 0 19 7 19 25 0 18 -5 25 -19 25 -10 0 -21 -6 -23 -12z\"><\/path><path d=\"M2317 416 c-5 -13 1 -16 33 -16 22 0 40 5 40 10 0 6 -9 10 -19 10 -11 0 -26 3 -34 6 -8 3 -17 -2 -20 -10z\"><\/path><path d=\"M2767 422 c-46 -2 -75 -7 -72 -12 8 -14 405 -13 405 0 0 6 -10 11 -22 11 -58 3 -241 4 -311 1z\"><\/path><path d=\"M2435 410 c3 -5 8 -10 11 -10 2 0 4 5 4 10 0 6 -5 10 -11 10 -5 0 -7 -4 -4 -10z\"><\/path><\/g><\/svg>\t\t\t\t<\/a>\n\t\t\t<\/div>\n\t\t\t\n\t\t\t\t\t\t<div class=\"elementor-icon-box-content\">\n\n\t\t\t\t\t\t\t\t\t<h3 class=\"elementor-icon-box-title\">\n\t\t\t\t\t\t<a href=\"http:\/\/172.16.0.115\/fichasfarma\/formweb\/reporte_defecto_prod1_industrial.php\" >\n\t\t\t\t\t\t\tReporte de Defectos de Calidad de la Industria\t\t\t\t\t\t<\/a>\n\t\t\t\t\t<\/h3>\n\t\t\t\t\n\t\t\t\t\n\t\t\t<\/div>\n\t\t\t\n\t\t<\/div>\n\t\t\t\t\t\t<\/div>\n\t\t\t\t<\/div>\n\t\t\t\t\t<\/div>\n\t\t<\/div>\n\t\t\t\t\t<\/div>\n\t\t<\/section>\n\t\t\t\t<section class=\"elementor-section elementor-top-section elementor-element elementor-element-af19ea6 elementor-section-boxed elementor-section-height-default elementor-section-height-default\" data-id=\"af19ea6\" data-element_type=\"section\">\n\t\t\t\t\t\t<div class=\"elementor-container elementor-column-gap-default\">\n\t\t\t\t\t<div class=\"elementor-column elementor-col-100 elementor-top-column elementor-element elementor-element-203d779\" data-id=\"203d779\" data-element_type=\"column\">\n\t\t\t<div class=\"elementor-widget-wrap elementor-element-populated\">\n\t\t\t\t\t\t<div class=\"elementor-element elementor-element-b74fdb7 elementor-widget elementor-widget-text-editor\" data-id=\"b74fdb7\" data-element_type=\"widget\" data-widget_type=\"text-editor.default\">\n\t\t\t\t<div class=\"elementor-widget-container\">\n\t\t\t\t\t\t\t\t\t<p>Los defectos de calidad son problemas que pueden producirse durante el proceso de elaboraci\u00f3n y son responsabilidad del laboratorio productor, la mayor\u00eda puede evidenciarse como cambios en el aspecto del medicamentos, es decir:<\/p><ul><li>color distinto,<\/li><li>olor desagradable,<\/li><li>presencia de gases,<\/li><li>ablandamiento o fractura de las tabletas o comprimidos,<\/li><li>c\u00e1psulas con presencia de humedad, aceitosas, de tama\u00f1os y colores diferentes<\/li><li>cremas o ung\u00fcentos no homog\u00e9neos (capas separadas), presencia de grumos o part\u00edculas s\u00f3lidas<\/li><li>suspensiones que no se redispersan (se mantiene separado el polvo del l\u00edquido)<\/li><li>presencia de contaminaci\u00f3n microbiol\u00f3gica<\/li><li>jarabes o soluciones con presencia de part\u00edculas<\/li><li>Falta de eficacia<\/li><\/ul>\t\t\t\t\t\t\t\t<\/div>\n\t\t\t\t<\/div>\n\t\t\t\t\t<\/div>\n\t\t<\/div>\n\t\t\t\t\t<\/div>\n\t\t<\/section>\n\t\t\t\t<\/div>\n\t\t","protected":false},"excerpt":{"rendered":"<p>Reporte de Defectos de Calidad de Productos de Uso y Consumo Humano Las sospechas de defectos de calidad deben informarse a la Direcci\u00f3n de Vigilancia Sanitaria adscrita a la Direcci\u00f3n General de Regulaci\u00f3n Sanitaria de Productos de Uso y Consumo Humano del INHRR, seg\u00fan la opci\u00f3n de su preferencia: Reporte de Defectos de Calidad del &#8230; <a title=\"Reporte de Defectos de Calidad de Productos de Uso y Consumo Humano\u200b &#8211; Profesionales\" class=\"read-more\" href=\"https:\/\/inhrr.gob.ve\/?page_id=7286\" aria-label=\"Leer m\u00e1s sobre Reporte de Defectos de Calidad de Productos de Uso y Consumo Humano\u200b &#8211; Profesionales\">Leer m\u00e1s<\/a><\/p>\n","protected":false},"author":1,"featured_media":0,"parent":0,"menu_order":0,"comment_status":"closed","ping_status":"closed","template":"","meta":{"footnotes":""},"class_list":["post-7286","page","type-page","status-publish"],"_links":{"self":[{"href":"https:\/\/inhrr.gob.ve\/index.php?rest_route=\/wp\/v2\/pages\/7286","targetHints":{"allow":["GET"]}}],"collection":[{"href":"https:\/\/inhrr.gob.ve\/index.php?rest_route=\/wp\/v2\/pages"}],"about":[{"href":"https:\/\/inhrr.gob.ve\/index.php?rest_route=\/wp\/v2\/types\/page"}],"author":[{"embeddable":true,"href":"https:\/\/inhrr.gob.ve\/index.php?rest_route=\/wp\/v2\/users\/1"}],"replies":[{"embeddable":true,"href":"https:\/\/inhrr.gob.ve\/index.php?rest_route=%2Fwp%2Fv2%2Fcomments&post=7286"}],"version-history":[{"count":7,"href":"https:\/\/inhrr.gob.ve\/index.php?rest_route=\/wp\/v2\/pages\/7286\/revisions"}],"predecessor-version":[{"id":7308,"href":"https:\/\/inhrr.gob.ve\/index.php?rest_route=\/wp\/v2\/pages\/7286\/revisions\/7308"}],"wp:attachment":[{"href":"https:\/\/inhrr.gob.ve\/index.php?rest_route=%2Fwp%2Fv2%2Fmedia&parent=7286"}],"curies":[{"name":"wp","href":"https:\/\/api.w.org\/{rel}","templated":true}]}}