{"id":7484,"date":"2022-11-26T23:46:58","date_gmt":"2022-11-27T03:46:58","guid":{"rendered":"http:\/\/172.16.0.115\/?page_id=7484"},"modified":"2022-11-27T00:19:21","modified_gmt":"2022-11-27T04:19:21","slug":"sistema-citas","status":"publish","type":"page","link":"https:\/\/inhrr.gob.ve\/?page_id=7484","title":{"rendered":"Sistema Citas"},"content":{"rendered":"\t\t<div data-elementor-type=\"wp-page\" data-elementor-id=\"7484\" class=\"elementor elementor-7484\" data-elementor-post-type=\"page\">\n\t\t\t\t\t\t<section class=\"elementor-section elementor-top-section elementor-element elementor-element-43850d1 elementor-section-boxed elementor-section-height-default elementor-section-height-default\" data-id=\"43850d1\" data-element_type=\"section\">\n\t\t\t\t\t\t<div class=\"elementor-container elementor-column-gap-default\">\n\t\t\t\t\t<div class=\"elementor-column elementor-col-100 elementor-top-column elementor-element elementor-element-f27402f\" data-id=\"f27402f\" data-element_type=\"column\">\n\t\t\t<div class=\"elementor-widget-wrap elementor-element-populated\">\n\t\t\t\t\t\t<div class=\"elementor-element elementor-element-8e06ca0 elementor-widget elementor-widget-heading\" data-id=\"8e06ca0\" data-element_type=\"widget\" data-widget_type=\"heading.default\">\n\t\t\t\t<div class=\"elementor-widget-container\">\n\t\t\t\t\t<h2 class=\"elementor-heading-title elementor-size-default\">Normativas y Procedimiento Sistema de Citas<\/h2>\t\t\t\t<\/div>\n\t\t\t\t<\/div>\n\t\t\t\t\t<\/div>\n\t\t<\/div>\n\t\t\t\t\t<\/div>\n\t\t<\/section>\n\t\t\t\t<section class=\"elementor-section elementor-top-section elementor-element elementor-element-b67d513 elementor-section-boxed elementor-section-height-default elementor-section-height-default\" data-id=\"b67d513\" data-element_type=\"section\">\n\t\t\t\t\t\t<div class=\"elementor-container elementor-column-gap-default\">\n\t\t\t\t\t<div class=\"elementor-column elementor-col-100 elementor-top-column elementor-element elementor-element-31fe2cf\" data-id=\"31fe2cf\" data-element_type=\"column\">\n\t\t\t<div class=\"elementor-widget-wrap elementor-element-populated\">\n\t\t\t\t\t\t<div class=\"elementor-element elementor-element-a78a79b elementor-tabs-view-horizontal elementor-widget elementor-widget-tabs\" data-id=\"a78a79b\" data-element_type=\"widget\" data-widget_type=\"tabs.default\">\n\t\t\t\t<div class=\"elementor-widget-container\">\n\t\t\t\t\t\t\t<div class=\"elementor-tabs\">\n\t\t\t<div class=\"elementor-tabs-wrapper\" role=\"tablist\" >\n\t\t\t\t\t\t\t\t\t<div id=\"elementor-tab-title-1751\" class=\"elementor-tab-title elementor-tab-desktop-title\" aria-selected=\"true\" data-tab=\"1\" role=\"tab\" tabindex=\"0\" aria-controls=\"elementor-tab-content-1751\" aria-expanded=\"false\">NORMATIVA PARA EL PAGO DE SERVICIOS<\/div>\n\t\t\t\t\t\t\t\t\t<div id=\"elementor-tab-title-1752\" class=\"elementor-tab-title elementor-tab-desktop-title\" aria-selected=\"false\" data-tab=\"2\" role=\"tab\" tabindex=\"-1\" aria-controls=\"elementor-tab-content-1752\" aria-expanded=\"false\">PROCEDIMIENTOS DEL SISTEMA DE CITAS<\/div>\n\t\t\t\t\t\t\t<\/div>\n\t\t\t<div class=\"elementor-tabs-content-wrapper\" role=\"tablist\" aria-orientation=\"vertical\">\n\t\t\t\t\t\t\t\t\t<div class=\"elementor-tab-title elementor-tab-mobile-title\" aria-selected=\"true\" data-tab=\"1\" role=\"tab\" tabindex=\"0\" aria-controls=\"elementor-tab-content-1751\" aria-expanded=\"false\">NORMATIVA PARA EL PAGO DE SERVICIOS<\/div>\n\t\t\t\t\t<div id=\"elementor-tab-content-1751\" class=\"elementor-tab-content elementor-clearfix\" data-tab=\"1\" role=\"tabpanel\" aria-labelledby=\"elementor-tab-title-1751\" tabindex=\"0\" hidden=\"false\"><p>\t\t<div data-elementor-type=\"section\" data-elementor-id=\"7489\" class=\"elementor elementor-7489\" data-elementor-post-type=\"elementor_library\">\n\t\t\t\t\t<section class=\"elementor-section elementor-top-section elementor-element elementor-element-b0ab687 elementor-section-boxed elementor-section-height-default elementor-section-height-default\" data-id=\"b0ab687\" data-element_type=\"section\">\n\t\t\t\t\t\t<div class=\"elementor-container elementor-column-gap-default\">\n\t\t\t\t\t<div class=\"elementor-column elementor-col-100 elementor-top-column elementor-element elementor-element-a8fe4bc\" data-id=\"a8fe4bc\" data-element_type=\"column\">\n\t\t\t<div class=\"elementor-widget-wrap elementor-element-populated\">\n\t\t\t\t\t\t<div class=\"elementor-element elementor-element-a6ac8dd elementor-widget elementor-widget-toggle\" data-id=\"a6ac8dd\" data-element_type=\"widget\" data-widget_type=\"toggle.default\">\n\t\t\t\t<div class=\"elementor-widget-container\">\n\t\t\t\t\t\t\t<div class=\"elementor-toggle\">\n\t\t\t\t\t\t\t<div class=\"elementor-toggle-item\">\n\t\t\t\t\t<h6 id=\"elementor-tab-title-1741\" class=\"elementor-tab-title\" data-tab=\"1\" role=\"button\" aria-controls=\"elementor-tab-content-1741\" aria-expanded=\"false\">\n\t\t\t\t\t\t\t\t\t\t\t\t<span class=\"elementor-toggle-icon elementor-toggle-icon-left\" aria-hidden=\"true\">\n\t\t\t\t\t\t\t\t\t\t\t\t\t\t\t<span class=\"elementor-toggle-icon-closed\"><i class=\"fas fa-caret-right\"><\/i><\/span>\n\t\t\t\t\t\t\t\t<span class=\"elementor-toggle-icon-opened\"><i class=\"elementor-toggle-icon-opened fas fa-caret-up\"><\/i><\/span>\n\t\t\t\t\t\t\t\t\t\t\t\t\t<\/span>\n\t\t\t\t\t\t\t\t\t\t\t\t<a class=\"elementor-toggle-title\" tabindex=\"0\">NORMATIVA PARA EL PAGO DE SERVICIOS<\/a>\n\t\t\t\t\t<\/h6>\n\n\t\t\t\t\t<div id=\"elementor-tab-content-1741\" class=\"elementor-tab-content elementor-clearfix\" data-tab=\"1\" role=\"region\" aria-labelledby=\"elementor-tab-title-1741\"><p>Se les notifica a todos los usuarios de los servicios que presta el Instituto Nacional de Higiene \u201cRafael Rangel\u201d, las Normas para el pago de los mismos que regir\u00e1n a partir del 01\/01\/2022:<\/p><ol><li>Las tarifas vigentes para el pago de los servicios que presta el Instituto Nacional de Higiene \u201cRafael Rangel\u201d se encuentran publicadas en nuestra p\u00e1gina web: <a href=\"http:\/\/www.inhrr.gob.ve\/\">http:\/\/www.inhrr.gob.ve\/<\/a>.<\/li><li>El pago correspondiente a la tarifa del servicio solicitado debe ser efectuado mediante dep\u00f3sito: transferencia bancaria en la cuenta corriente N\u00ba 0102-0132-2900-0002-3650 a nombre del Instituto Nacional de Higiene \u201cRafael Rangel\u201d, en el Banco de Venezuela. Esta es la \u00fanica cuenta de la Instituci\u00f3n para efectuar estos pagos. Dicho pago deber\u00e1 coincidir exactamente con la tarifa del servicio requerido a la tasa de cambio correspondiente. <strong>No se reintegrar\u00e1 remanente<\/strong>.<\/li><li>Cada tr\u00e1mite debe ser pagado con el monto exacto, no se recibir\u00e1n pagos para varias solicitudes de tr\u00e1mites con una misma transferencia. Consulte el tarifario publicado en nuestra p\u00e1gina web.<\/li><\/ol><p>Notas:<\/p><ol><li>El pago debe realizarse por tr\u00e1mite, con la tarifa vigente para el d\u00eda de recepci\u00f3n de la cita, sin excepci\u00f3n.<\/li><li>Tr\u00e1mites con pagos incompletos ser\u00e1n devueltos.<\/li><li>En el caso de efectuar el pago mediante transferencia bancaria, deber\u00e1 realizarse con al menos tres (3) d\u00edas h\u00e1biles de antelaci\u00f3n a la presentaci\u00f3n del expediente para la cita, as\u00ed como para los dem\u00e1s servicios. No se recibir\u00e1 pago en efectivo.<\/li><li>\u00a0La vigencia o validez del dep\u00f3sito bancario es de dos (2) meses antes del d\u00eda de la cita. No se efectuar\u00e1 reintegro del mismo vencido el plazo o cuando sea por motivos atribuibles al interesado.<\/li><li>Una vez verificada la transferencia por la Instituci\u00f3n se emite la factura. Recibir\u00e1 un correo electr\u00f3nico indic\u00e1ndole el d\u00eda y hora de atenci\u00f3n. \u00a0\u00a0 Puede verificar la informaci\u00f3n remitida en el <strong>Comprobante de solicitud de cita. <\/strong>Imprima este comprobante para ser presentado el d\u00eda y hora asignados. <\/li><li>Las facturas tienen una vigencia de 1 mes (30 d\u00edas continuos de la fecha de emisi\u00f3n)<\/li><li>En caso de no poder asistir el d\u00eda y hora asignados, debe cancelar o reprogramar la cita solicitada con anticipaci\u00f3n. De no asistir a la <strong>cita reasignada <\/strong>deber\u00e1 comenzar un nuevo proceso de solicitud de cita, tomando en cuenta que deber\u00e1 realizar un nuevo pago.<\/li><\/ol><\/div>\n\t\t\t\t<\/div>\n\t\t\t\t\t\t\t<div class=\"elementor-toggle-item\">\n\t\t\t\t\t<h6 id=\"elementor-tab-title-1742\" class=\"elementor-tab-title\" data-tab=\"2\" role=\"button\" aria-controls=\"elementor-tab-content-1742\" aria-expanded=\"false\">\n\t\t\t\t\t\t\t\t\t\t\t\t<span class=\"elementor-toggle-icon elementor-toggle-icon-left\" aria-hidden=\"true\">\n\t\t\t\t\t\t\t\t\t\t\t\t\t\t\t<span class=\"elementor-toggle-icon-closed\"><i class=\"fas fa-caret-right\"><\/i><\/span>\n\t\t\t\t\t\t\t\t<span class=\"elementor-toggle-icon-opened\"><i class=\"elementor-toggle-icon-opened fas fa-caret-up\"><\/i><\/span>\n\t\t\t\t\t\t\t\t\t\t\t\t\t<\/span>\n\t\t\t\t\t\t\t\t\t\t\t\t<a class=\"elementor-toggle-title\" tabindex=\"0\">CONT\u00c1CTENOS:<\/a>\n\t\t\t\t\t<\/h6>\n\n\t\t\t\t\t<div id=\"elementor-tab-content-1742\" class=\"elementor-tab-content elementor-clearfix\" data-tab=\"2\" role=\"region\" aria-labelledby=\"elementor-tab-title-1742\"><p>Los tramitantes, Industria Farmac\u00e9utica y Cosm\u00e9tica a trav\u00e9s de su Farmac\u00e9utico Patrocinante, as\u00ed como la Industria Alimenticia, de materiales m\u00e9dicos, entre otros, podr\u00e1n realizar Solicitudes de Audiencia, Consultas T\u00e9cnicas y Solicitud de Estatus de Evaluaci\u00f3n del Producto a trav\u00e9s de los correos electr\u00f3nicos de las Unidades t\u00e9cnicas adscritas a la Direcci\u00f3n General de Regulaci\u00f3n Sanitaria de productos de Uso y Consumo Humano, que se describen en los v\u00ednculos respectivos.<\/p><\/div>\n\t\t\t\t<\/div>\n\t\t\t\t\t\t\t<div class=\"elementor-toggle-item\">\n\t\t\t\t\t<h6 id=\"elementor-tab-title-1743\" class=\"elementor-tab-title\" data-tab=\"3\" role=\"button\" aria-controls=\"elementor-tab-content-1743\" aria-expanded=\"false\">\n\t\t\t\t\t\t\t\t\t\t\t\t<span class=\"elementor-toggle-icon elementor-toggle-icon-left\" aria-hidden=\"true\">\n\t\t\t\t\t\t\t\t\t\t\t\t\t\t\t<span class=\"elementor-toggle-icon-closed\"><i class=\"fas fa-caret-right\"><\/i><\/span>\n\t\t\t\t\t\t\t\t<span class=\"elementor-toggle-icon-opened\"><i class=\"elementor-toggle-icon-opened fas fa-caret-up\"><\/i><\/span>\n\t\t\t\t\t\t\t\t\t\t\t\t\t<\/span>\n\t\t\t\t\t\t\t\t\t\t\t\t<a class=\"elementor-toggle-title\" tabindex=\"0\">QUEJAS:<\/a>\n\t\t\t\t\t<\/h6>\n\n\t\t\t\t\t<div id=\"elementor-tab-content-1743\" class=\"elementor-tab-content elementor-clearfix\" data-tab=\"3\" role=\"region\" aria-labelledby=\"elementor-tab-title-1743\"><p>Se ha establecido entre las metas institucionales principales, el desarrollo y mejora continua de nuestros procesos ya que la satisfacci\u00f3n del Usuario de nuestros servicios es importante para nosotros. En el caso en que el Usuario no este satisfecho con la atenci\u00f3n o servicio podr\u00e1 plantear sus Quejas, Reclamos o Sugerencias a trav\u00e9s del formulario F-PEGC-024 Quejas y Reclamos, tambi\u00e9n puede retirarlo en la Unidad de Recepci\u00f3n de Muestras de la Direcci\u00f3n General de Regulaci\u00f3n Sanitaria de productos de Uso y Consumo Humano del INHRR.<\/p><p>Una vez que complete el formulario F-PEGC-024 Quejas y Reclamos, el Usuario debe:<\/p><ul><li>Colocarlo en un sobre cerrado dirigido a la Direcci\u00f3n General de Regulaci\u00f3n Sanitaria de productos de Uso y Consumo Humano.<\/li><li>Entregarlo en la Recepci\u00f3n del INHRR o en la Unidad de Recepci\u00f3n de Muestras Correspondiente seg\u00fan el tipo de producto.<\/li><\/ul><p>En un m\u00e1ximo de diez (10) d\u00edas h\u00e1biles la Direcci\u00f3n informar\u00e1 al Usuario el resultado del an\u00e1lisis o la respuesta de la queja presentada.<\/p><\/div>\n\t\t\t\t<\/div>\n\t\t\t\t\t\t\t\t<\/div>\n\t\t\t\t\t\t<\/div>\n\t\t\t\t<\/div>\n\t\t\t\t\t<\/div>\n\t\t<\/div>\n\t\t\t\t\t<\/div>\n\t\t<\/section>\n\t\t\t\t<\/div>\n\t\t<\/p><\/div>\n\t\t\t\t\t\t\t\t\t<div class=\"elementor-tab-title elementor-tab-mobile-title\" aria-selected=\"false\" data-tab=\"2\" role=\"tab\" tabindex=\"-1\" aria-controls=\"elementor-tab-content-1752\" aria-expanded=\"false\">PROCEDIMIENTOS DEL SISTEMA DE CITAS<\/div>\n\t\t\t\t\t<div id=\"elementor-tab-content-1752\" class=\"elementor-tab-content elementor-clearfix\" data-tab=\"2\" role=\"tabpanel\" aria-labelledby=\"elementor-tab-title-1752\" tabindex=\"0\" hidden=\"hidden\"><p>\t\t<div data-elementor-type=\"section\" data-elementor-id=\"7492\" class=\"elementor elementor-7492\" data-elementor-post-type=\"elementor_library\">\n\t\t\t\t\t<section class=\"elementor-section elementor-top-section elementor-element elementor-element-b0ab687 elementor-section-boxed elementor-section-height-default elementor-section-height-default\" data-id=\"b0ab687\" data-element_type=\"section\">\n\t\t\t\t\t\t<div class=\"elementor-container elementor-column-gap-default\">\n\t\t\t\t\t<div class=\"elementor-column elementor-col-100 elementor-top-column elementor-element elementor-element-a8fe4bc\" data-id=\"a8fe4bc\" data-element_type=\"column\">\n\t\t\t<div class=\"elementor-widget-wrap elementor-element-populated\">\n\t\t\t\t\t\t<div class=\"elementor-element elementor-element-a6ac8dd elementor-widget elementor-widget-toggle\" data-id=\"a6ac8dd\" data-element_type=\"widget\" data-widget_type=\"toggle.default\">\n\t\t\t\t<div class=\"elementor-widget-container\">\n\t\t\t\t\t\t\t<div class=\"elementor-toggle\">\n\t\t\t\t\t\t\t<div class=\"elementor-toggle-item\">\n\t\t\t\t\t<h6 id=\"elementor-tab-title-1741\" class=\"elementor-tab-title\" data-tab=\"1\" role=\"button\" aria-controls=\"elementor-tab-content-1741\" aria-expanded=\"false\">\n\t\t\t\t\t\t\t\t\t\t\t\t<span class=\"elementor-toggle-icon elementor-toggle-icon-left\" aria-hidden=\"true\">\n\t\t\t\t\t\t\t\t\t\t\t\t\t\t\t<span class=\"elementor-toggle-icon-closed\"><i class=\"fas fa-caret-right\"><\/i><\/span>\n\t\t\t\t\t\t\t\t<span class=\"elementor-toggle-icon-opened\"><i class=\"elementor-toggle-icon-opened fas fa-caret-up\"><\/i><\/span>\n\t\t\t\t\t\t\t\t\t\t\t\t\t<\/span>\n\t\t\t\t\t\t\t\t\t\t\t\t<a class=\"elementor-toggle-title\" tabindex=\"0\">PROCEDIMIENTOS DE REGISTRO EN LOS SISTEMA DE CITAS <\/a>\n\t\t\t\t\t<\/h6>\n\n\t\t\t\t\t<div id=\"elementor-tab-content-1741\" class=\"elementor-tab-content elementor-clearfix\" data-tab=\"1\" role=\"region\" aria-labelledby=\"elementor-tab-title-1741\"><p>Contamos con los siguientes <strong>M\u00f3dulos de citas<\/strong> seg\u00fan el tipo de producto:<\/p><ul><li>M\u00f3dulo de Especialidades Farmac\u00e9uticas<\/li><li>M\u00f3dulo de citas de Productos Biol\u00f3gicos<\/li><li>M\u00f3dulo de citas de Productos Naturales<\/li><li>M\u00f3dulo de citas de Productos Alimenticios<\/li><li>M\u00f3dulo de citas de Productos Cosm\u00e9ticos<\/li><\/ul><p>Para tomar cita el patrocinante o tramitante requiere previamente inscribirse en el sistema de citas y registrar la empresa.<\/p><p>1.- Ingresar a la OFICINA VIRTUAL en la p\u00e1gina web del Instituto Nacional de Higiene \u201cRafael Rangel\u201d: <a href=\"http:\/\/www.inhrr.gob.ve\/\">http:\/\/www.inhrr.gob.ve\/<\/a><\/p><p>2.- Haga clip en Acceso Sistema de citas sistema de citas e ingreso<\/p><p>3.- Registre el usuario utilizando su c\u00e9dula de identidad y una clave. Recuerde conservar el usuario que es su n\u00famero de c\u00e9dula y la clave que usted escoja para posteriormente entrar al sistema nuevamente y registrar la empresa o para tomar cita.<\/p><p>4.- Registre la(s) empresa(s) llenando todos los item solicitados<\/p><\/div>\n\t\t\t\t<\/div>\n\t\t\t\t\t\t\t<div class=\"elementor-toggle-item\">\n\t\t\t\t\t<h6 id=\"elementor-tab-title-1742\" class=\"elementor-tab-title\" data-tab=\"2\" role=\"button\" aria-controls=\"elementor-tab-content-1742\" aria-expanded=\"false\">\n\t\t\t\t\t\t\t\t\t\t\t\t<span class=\"elementor-toggle-icon elementor-toggle-icon-left\" aria-hidden=\"true\">\n\t\t\t\t\t\t\t\t\t\t\t\t\t\t\t<span class=\"elementor-toggle-icon-closed\"><i class=\"fas fa-caret-right\"><\/i><\/span>\n\t\t\t\t\t\t\t\t<span class=\"elementor-toggle-icon-opened\"><i class=\"elementor-toggle-icon-opened fas fa-caret-up\"><\/i><\/span>\n\t\t\t\t\t\t\t\t\t\t\t\t\t<\/span>\n\t\t\t\t\t\t\t\t\t\t\t\t<a class=\"elementor-toggle-title\" tabindex=\"0\">SISTEMA DE CITAS PARA ENTREGA DE SOLICITUDES<\/a>\n\t\t\t\t\t<\/h6>\n\n\t\t\t\t\t<div id=\"elementor-tab-content-1742\" class=\"elementor-tab-content elementor-clearfix\" data-tab=\"2\" role=\"region\" aria-labelledby=\"elementor-tab-title-1742\"><p>Para obtener una cita para entrega de solicitudes debe seguir las siguientes instrucciones:<\/p><ol><li>Pagar la tarifa correspondiente al tr\u00e1mite a realizar, seg\u00fan lo establecido en el R\u00e9gimen Tarifario Vigente publicado en nuestra p\u00e1gina web. El pago deber\u00e1 ser realizado de manera individual por cada solicitud a presentar.<\/li><\/ol><p>\u00a0<\/p><ol><li>Recuerde que debe efectuar el dep\u00f3sito bancario una vez que cuente con TODOS LOS RECAUDOS REQUERIDOS. La vigencia de los dep\u00f3sitos bancarios es de tres (3) meses a partir de la fecha en que se efectu\u00f3 el dep\u00f3sito. Posteriormente, no se aceptar\u00e1 la solicitud ni se reembolsar\u00e1 el dinero.<\/li><\/ol><p>\u00a0<\/p><ol><li>EL DEP\u00d3SITO DEBE COINCIDIR EXACTAMENTE CON LA TARIFA DEL TR\u00c1MITE A EFECTUAR.<\/li><\/ol><p>\u00a0<\/p><ol start=\"2\"><li>Acceso a la p\u00e1gina Web www.inhrr.gob.ve v\u00ednculo \u201cCita para entrega de Solicitudes\u201d y luego seleccione el tipo de producto al cual corresponde la solicitud: Especialidades Farmac\u00e9uticas, Productos Biol\u00f3gicos, Producto Natural, Alimentos, Cosm\u00e9tico o Material M\u00e9dico. En caso de varios tipos de solicitudes, seleccione una y posteriormente, en la ventana siguiente podr\u00e1 adicionar las dem\u00e1s solicitudes. Use el sistema de citas correspondiente seg\u00fan el tipo de producto. Utilice su usuario y clave de acceso.<\/li><\/ol><p>\u00a0<\/p><ol start=\"3\"><li>Recuerde que para acceder al sistema de citas debe usar su clave y usuario.<\/li><\/ol><p>\u00a0<\/p><ol start=\"4\"><li>Una vez escogido el tipo de solicitud para el cual desea una cita, complete los datos solicitados: Nombre del Patrocinante o Solicitante, Cedula de Identidad (C.I.), correo electr\u00f3nico y Nombre del Representante.<\/li><\/ol><p>\u00a0<\/p><ol start=\"5\"><li>Coloque el n\u00famero y fecha del dep\u00f3sito o transferencia bancaria. En caso de solicitud(es), para la(s) cuales no procede el pago de tarifa, coloque cero (0) en el monto del dep\u00f3sito. Recuerde llenar todos los campos de la planilla de solicitud de cita.<\/li><\/ol><p>\u00a0<\/p><ol start=\"6\"><li>Una vez que todos los campos est\u00e1n llenos, haga clic en \u00abContinuar\u00bb.<\/li><\/ol><p>\u00a0<\/p><ol start=\"7\"><li>Le ser\u00e1 asignado el d\u00eda y hora de su cita para la entrega de la solicitud(es) respectiva(s) si usted est\u00e1 de acuerdo haga clic sobre el bot\u00f3n \u00abConfirmar\u00bb, en caso contrario en haga clic sobre el bot\u00f3n \u00abCancelar\u00bb.<\/li><\/ol><p>\u00a0<\/p><ol start=\"8\"><li>Imprima el Comprobante Solicitud de Cita haciendo clic sobre el icono \u00abImprimir Comprobante\u00bb.<\/li><li>Anexe a su solicitud (la cual deber estar en original y una copia) los recaudos correspondientes, el recibo del dep\u00f3sito o transferencia bancaria (original y copia) y planilla de solicitud de cita (y conserve copia del mismo para ser presentada por el patrocinante o tramitante el d\u00eda de atenci\u00f3n indicado en la planilla de cita.<\/li><\/ol><p>\u00a0<\/p><p>Notas:<\/p><ul><li>Previo a tomar cita de productos alimenticios comun\u00edquese con la Direcci\u00f3n de Alimentos por el correo: divcalimentos@gmail.com<\/li><li>Previo a tomar cita de productos m\u00e9dicos comun\u00edquese con el laboratorio por el correo: <a href=\"mailto:lab.nacional.control.inhrr@gmail.com\">nacional.control.inhrr@gmail.com<\/a><\/li><\/ul><p>\u00a0<\/p><ol start=\"10\"><li>En caso de dudas con el procedimiento de Sistema de Citas para entrega de solicitudes escribir al Correo del Departamento de Recepci\u00f3n de productos de Uso y Consumo Humano: <a href=\"mailto:recepci\u00f3n.regulacion.inhrr@gmail.com\">recepci\u00f3n.regulacion.inhrr@gmail.com<\/a><\/li><\/ol><p>\u00a0<\/p><ol start=\"11\"><li>Una vez revisada y aceptada su solicitud se emitir\u00e1 la factura.<\/li><\/ol><\/div>\n\t\t\t\t<\/div>\n\t\t\t\t\t\t\t\t<\/div>\n\t\t\t\t\t\t<\/div>\n\t\t\t\t<\/div>\n\t\t\t\t\t<\/div>\n\t\t<\/div>\n\t\t\t\t\t<\/div>\n\t\t<\/section>\n\t\t\t\t<\/div>\n\t\t<\/p><\/div>\n\t\t\t\t\t\t\t<\/div>\n\t\t<\/div>\n\t\t\t\t\t\t<\/div>\n\t\t\t\t<\/div>\n\t\t\t\t\t<\/div>\n\t\t<\/div>\n\t\t\t\t\t<\/div>\n\t\t<\/section>\n\t\t\t\t<\/div>\n\t\t","protected":false},"excerpt":{"rendered":"<p>Normativas y Procedimiento Sistema de Citas NORMATIVA PARA EL PAGO DE SERVICIOS PROCEDIMIENTOS DEL SISTEMA DE CITAS NORMATIVA PARA EL PAGO DE SERVICIOS NORMATIVA PARA EL PAGO DE SERVICIOS Se les notifica a todos los usuarios de los servicios que presta el Instituto Nacional de Higiene \u201cRafael Rangel\u201d, las Normas para el pago de los &#8230; <a title=\"Sistema Citas\" class=\"read-more\" href=\"https:\/\/inhrr.gob.ve\/?page_id=7484\" aria-label=\"Leer m\u00e1s sobre Sistema Citas\">Leer m\u00e1s<\/a><\/p>\n","protected":false},"author":1,"featured_media":0,"parent":0,"menu_order":0,"comment_status":"closed","ping_status":"closed","template":"","meta":{"footnotes":""},"class_list":["post-7484","page","type-page","status-publish"],"_links":{"self":[{"href":"https:\/\/inhrr.gob.ve\/index.php?rest_route=\/wp\/v2\/pages\/7484","targetHints":{"allow":["GET"]}}],"collection":[{"href":"https:\/\/inhrr.gob.ve\/index.php?rest_route=\/wp\/v2\/pages"}],"about":[{"href":"https:\/\/inhrr.gob.ve\/index.php?rest_route=\/wp\/v2\/types\/page"}],"author":[{"embeddable":true,"href":"https:\/\/inhrr.gob.ve\/index.php?rest_route=\/wp\/v2\/users\/1"}],"replies":[{"embeddable":true,"href":"https:\/\/inhrr.gob.ve\/index.php?rest_route=%2Fwp%2Fv2%2Fcomments&post=7484"}],"version-history":[{"count":7,"href":"https:\/\/inhrr.gob.ve\/index.php?rest_route=\/wp\/v2\/pages\/7484\/revisions"}],"predecessor-version":[{"id":7500,"href":"https:\/\/inhrr.gob.ve\/index.php?rest_route=\/wp\/v2\/pages\/7484\/revisions\/7500"}],"wp:attachment":[{"href":"https:\/\/inhrr.gob.ve\/index.php?rest_route=%2Fwp%2Fv2%2Fmedia&parent=7484"}],"curies":[{"name":"wp","href":"https:\/\/api.w.org\/{rel}","templated":true}]}}